{"id":11046,"date":"2019-11-19T12:06:06","date_gmt":"2019-11-19T11:06:06","guid":{"rendered":"https:\/\/www.aphyllanthe.fr\/association\/wp-content\/uploads\/2019\/11\/jardin-m\u00e9di\u00e9val-uzes.jpg"},"modified":"2019-11-19T12:06:06","modified_gmt":"2019-11-19T11:06:06","slug":"jardin-medieval-uzes","status":"inherit","type":"attachment","link":"https:\/\/www.aphyllanthe.fr\/association\/jardin-medieval-uzes\/","title":{"rendered":"jardin-m\u00e9di\u00e9val-uzes"},"author":1,"featured_media":0,"comment_status":"closed","ping_status":"closed","template":"","meta":[],"class_list":["post-11046","attachment","type-attachment","status-inherit","hentry"],"description":{"rendered":"<p class=\"attachment\"><a href='https:\/\/www.aphyllanthe.fr\/association\/wp-content\/uploads\/2019\/11\/jardin-m\u00e9di\u00e9val-uzes.jpg'><img loading=\"lazy\" decoding=\"async\" width=\"200\" height=\"300\" src=\"https:\/\/www.aphyllanthe.fr\/association\/wp-content\/uploads\/2019\/11\/jardin-m\u00e9di\u00e9val-uzes-200x300.jpg\" class=\"attachment-medium size-medium\" alt=\"\" srcset=\"https:\/\/www.aphyllanthe.fr\/association\/wp-content\/uploads\/2019\/11\/jardin-m\u00e9di\u00e9val-uzes-200x300.jpg 200w, https:\/\/www.aphyllanthe.fr\/association\/wp-content\/uploads\/2019\/11\/jardin-m\u00e9di\u00e9val-uzes.jpg 430w\" sizes=\"auto, (max-width: 200px) 100vw, 200px\" \/><\/a><\/p>\n"},"caption":{"rendered":""},"alt_text":"","media_type":"image","mime_type":"image\/jpeg","media_details":{"width":430,"height":644,"file":"2019\/11\/jardin-m\u00e9di\u00e9val-uzes.jpg","sizes":{"medium":{"file":"jardin-m\u00e9di\u00e9val-uzes-200x300.jpg","width":200,"height":300,"mime_type":"image\/jpeg","source_url":"https:\/\/www.aphyllanthe.fr\/association\/wp-content\/uploads\/2019\/11\/jardin-m\u00e9di\u00e9val-uzes-200x300.jpg"},"thumbnail":{"file":"jardin-m\u00e9di\u00e9val-uzes-150x150.jpg","width":150,"height":150,"mime_type":"image\/jpeg","source_url":"https:\/\/www.aphyllanthe.fr\/association\/wp-content\/uploads\/2019\/11\/jardin-m\u00e9di\u00e9val-uzes-150x150.jpg"},"post-thumbnail":{"file":"jardin-m\u00e9di\u00e9val-uzes-430x372.jpg","width":430,"height":372,"mime_type":"image\/jpeg","source_url":"https:\/\/www.aphyllanthe.fr\/association\/wp-content\/uploads\/2019\/11\/jardin-m\u00e9di\u00e9val-uzes-430x372.jpg"},"twentyfourteen-full-width":{"file":"jardin-m\u00e9di\u00e9val-uzes-430x576.jpg","width":430,"height":576,"mime_type":"image\/jpeg","source_url":"https:\/\/www.aphyllanthe.fr\/association\/wp-content\/uploads\/2019\/11\/jardin-m\u00e9di\u00e9val-uzes-430x576.jpg"},"full":{"file":"jardin-m\u00e9di\u00e9val-uzes.jpg","width":430,"height":644,"mime_type":"image\/jpeg","source_url":"https:\/\/www.aphyllanthe.fr\/association\/wp-content\/uploads\/2019\/11\/jardin-m\u00e9di\u00e9val-uzes.jpg"}},"image_meta":{"aperture":"0","credit":"","camera":"","caption":"","created_timestamp":"0","copyright":"","focal_length":"0","iso":"0","shutter_speed":"0","title":"","orientation":"0","keywords":[]}},"post":null,"source_url":"https:\/\/www.aphyllanthe.fr\/association\/wp-content\/uploads\/2019\/11\/jardin-m\u00e9di\u00e9val-uzes.jpg","_links":{"self":[{"href":"https:\/\/www.aphyllanthe.fr\/association\/wp-json\/wp\/v2\/media\/11046","targetHints":{"allow":["GET"]}}],"collection":[{"href":"https:\/\/www.aphyllanthe.fr\/association\/wp-json\/wp\/v2\/media"}],"about":[{"href":"https:\/\/www.aphyllanthe.fr\/association\/wp-json\/wp\/v2\/types\/attachment"}],"author":[{"embeddable":true,"href":"https:\/\/www.aphyllanthe.fr\/association\/wp-json\/wp\/v2\/users\/1"}]}}

https://www.aphyllanthe.fr/association/wp-content/uploads/2019/11/jardin-médiéval-uzes.jpg

jardin-médiéval-uzes

<p class="attachment"><a href='https://www.aphyllanthe.fr/association/wp-content/uploads/2019/11/jardin-médiéval-uzes.jpg'><img loading="lazy" decoding="async" width="200" height="300" src="https://www.aphyllanthe.fr/association/wp-content/uploads/2019/11/jardin-médiéval-uzes-200x300.jpg" class="attachment-medium size-medium" alt="" srcset="https://www.aphyllanthe.fr/association/wp-content/uploads/2019/11/jardin-médiéval-uzes-200x300.jpg 200w, https://www.aphyllanthe.fr/association/wp-content/uploads/2019/11/jardin-médiéval-uzes.jpg 430w" sizes="auto, (max-width: 200px) 100vw, 200px" /></a></p>

2019/11/jardin-médiéval-uzes.jpg

jardin-médiéval-uzes-200x300.jpg

https://www.aphyllanthe.fr/association/wp-content/uploads/2019/11/jardin-médiéval-uzes-200x300.jpg

jardin-médiéval-uzes-150x150.jpg

https://www.aphyllanthe.fr/association/wp-content/uploads/2019/11/jardin-médiéval-uzes-150x150.jpg

jardin-médiéval-uzes-430x372.jpg

https://www.aphyllanthe.fr/association/wp-content/uploads/2019/11/jardin-médiéval-uzes-430x372.jpg

jardin-médiéval-uzes-430x576.jpg

https://www.aphyllanthe.fr/association/wp-content/uploads/2019/11/jardin-médiéval-uzes-430x576.jpg

jardin-médiéval-uzes.jpg
