{"id":10162,"date":"2019-08-25T21:29:20","date_gmt":"2019-08-25T20:29:20","guid":{"rendered":"https:\/\/www.aphyllanthe.fr\/association\/?page_id=10162"},"modified":"2022-09-01T13:25:13","modified_gmt":"2022-09-01T12:25:13","slug":"principes-dorganisation","status":"publish","type":"page","link":"https:\/\/www.aphyllanthe.fr\/association\/principes-dorganisation\/","title":{"rendered":"Principes d&rsquo;organisation"},"content":{"rendered":"\n<p><a href=\"\/association\/pdf\/2022-09-principes-d-organisation.pdf\">Version PDF t\u00e9l\u00e9chargeable<\/a><br \/><strong>Objectifs<\/strong><\/p>\n\n\n\n<p>L&rsquo;Association a pour but de favoriser les \u00e9changes et d&rsquo;entretenir un esprit de convivialit\u00e9 entre les participants \u00e0 ses activit\u00e9s y compris la randonn\u00e9e. L\u2019Association consid\u00e8re que la randonn\u00e9e n\u2019est pas un sport de comp\u00e9tition.<\/p>\n\n\n\n<p><strong>Comit\u00e9 d&rsquo;organisation <\/strong><\/p>\n\n\n\n<p>L\u2019Association a form\u00e9 un comit\u00e9 d&rsquo;organisation qui se charge de pr\u00e9parer et proposer des programmes et d\u00e9cider du contenu du r\u00e8glement de la randonn\u00e9e.<br \/>Les membres de ce comit\u00e9 pour la saison 2022 \/ 2023 sont Jim, Philippe, Jean-Luc, Bertrand et Pascal. Ces personnes, et d&rsquo;autres responsables ponctuels, sont b\u00e9n\u00e9voles et consacrent beaucoup de temps \u00e0 la pr\u00e9paration des programmes, \u00e0 l\u2019organisation des sorties et \u00e0 la conduite des randonn\u00e9es.<\/p>\n\n\n\n<p><strong>Programme et participation<\/strong><\/p>\n\n\n\n<p>L\u2019Association propose&nbsp;:<\/p>\n\n\n\n<ul class=\"wp-block-list\"><li>des sorties r\u00e9guli\u00e8res les vendredis apr\u00e8s-midi et les mardis (parfois les dimanches) \u00e0 la journ\u00e9e ;<\/li><li>des sorties ponctuelles&nbsp;:\n<ul>\n<li>un week-end pour tous&nbsp;;<\/li>\n<li>quelques sorties de 2 jours ou plus en semaine.<\/li>\n<\/ul>\n<\/li><\/ul>\n\n\n<div class=\"wp-block-image size-medium wp-image-5284\">\n<figure class=\"alignright\"><a href=\"https:\/\/www.aphyllanthe.fr\/association\/wp-content\/uploads\/2017\/03\/DSC06021-montee-au-col-de-la-candelle.jpg\"><img loading=\"lazy\" decoding=\"async\" width=\"300\" height=\"200\" src=\"https:\/\/www.aphyllanthe.fr\/association\/wp-content\/uploads\/2017\/03\/DSC06021-montee-au-col-de-la-candelle-300x200.jpg\" alt=\"la mont\u00e9e au col de la Grande Candelle\" class=\"wp-image-5284\" srcset=\"https:\/\/www.aphyllanthe.fr\/association\/wp-content\/uploads\/2017\/03\/DSC06021-montee-au-col-de-la-candelle-300x200.jpg 300w, https:\/\/www.aphyllanthe.fr\/association\/wp-content\/uploads\/2017\/03\/DSC06021-montee-au-col-de-la-candelle-768x512.jpg 768w, https:\/\/www.aphyllanthe.fr\/association\/wp-content\/uploads\/2017\/03\/DSC06021-montee-au-col-de-la-candelle-1024x683.jpg 1024w, https:\/\/www.aphyllanthe.fr\/association\/wp-content\/uploads\/2017\/03\/DSC06021-montee-au-col-de-la-candelle-600x400.jpg 600w, https:\/\/www.aphyllanthe.fr\/association\/wp-content\/uploads\/2017\/03\/DSC06021-montee-au-col-de-la-candelle.jpg 1620w\" sizes=\"auto, (max-width: 300px) 100vw, 300px\" \/><\/a><figcaption>la mont\u00e9e au col de la Grande Candelle<\/figcaption><\/figure>\n<\/div>\n\n\n<p>Tout nouveau participant ne pouvant justifier d\u2019une bonne exp\u00e9rience de randonneur compatible avec le niveau souhait\u00e9 de participation et approuv\u00e9e par les responsables devra&nbsp;:<\/p>\n\n\n\n<ul class=\"wp-block-list\"><li>d\u00e9buter par une sortie du vendredi puis participer \u00e0 une sortie du mardi le cas \u00e9ch\u00e9ant&nbsp;;<\/li><li>pour participer au week-end pour tous, avoir d\u00e9j\u00e0 particip\u00e9 \u00e0 une sortie du vendredi&nbsp;;<\/li><li>pour participer aux sorties de 2 jours ou plus en semaine, avoir d\u00e9j\u00e0 particip\u00e9 \u00e0 au moins une sortie du mardi et \u00eatre jug\u00e9 apte \u00e0 participer \u00e0 la sortie par un membre du comite d\u2019organisation.<\/li><\/ul>\n\n\n\n<p>Une sortie d\u2019essai est toujours possible pour un visiteur (le vendredi seulement), \u00e0 condition de signer une d\u00e9charge (<a href=\"https:\/\/www.aphyllanthe.fr\/association\/pdf\/decharge.pdf\" target=\"_blank\" rel=\"noopener noreferrer\">se t\u00e9l\u00e9charge ici<\/a>) et de respecter les conditions de ce r\u00e8glement.<\/p>\n\n\n\n<p>Au-del\u00e0 de cette seule sortie d\u2019essai, le randonneur doit avoir r\u00e9gularis\u00e9 son adh\u00e9sion \u00e0 l\u2019Association <a href=\"https:\/\/www.aphyllanthe.fr\/association\/conditions-adhesions-et-activites\/\" target=\"_blank\" rel=\"noopener noreferrer\">(d\u00e9tails sur notre site)<\/a> ou en appelant l\u2019Association au 04 6622 1020).<\/p>\n\n\n\n<p>Cette adh\u00e9sion sous-entend express\u00e9ment que la personne a accept\u00e9 sans r\u00e9serve l\u2019ensemble des r\u00e8gles r\u00e9gissant l\u2019Association et notamment concernant sa responsabilit\u00e9 en cas de participation \u00e0 des activit\u00e9s physiques et\/ou sportives propos\u00e9es par cette derni\u00e8re.<\/p>\n\n\n\n<p>Toute d\u00e9rogation \u00e0 ces r\u00e8gles devra \u00eatre approuv\u00e9e par le comit\u00e9 d\u2019organisation.<\/p>\n\n\n\n<p>Une randonn\u00e9e est annul\u00e9e s\u2019il n\u2019y a pas une participation minimum de 3 personnes ou \u00e0 la discr\u00e9tion du responsable de la sortie.<\/p>\n\n\n\n<p>Avant chaque randonn\u00e9e, un mail est envoy\u00e9 aux randonneurs inscrits pour pr\u00e9ciser les d\u00e9tails (heure et point de d\u00e9part \u00e0 pied, \u00e9ventuellement d&rsquo;autres consignes).<\/p>\n\n\n\n<p>Le programme est publi\u00e9 sur notre site (voir les rubriques randonn\u00e9e).<\/p>\n\n\n\n<p><strong>Param\u00e8tres cibles des randonn\u00e9es<\/strong><\/p>\n\n\n<div class=\"wp-block-image size-medium wp-image-4791\">\n<figure class=\"alignleft\"><img loading=\"lazy\" decoding=\"async\" width=\"300\" height=\"70\" src=\"https:\/\/www.aphyllanthe.fr\/association\/wp-content\/uploads\/2016\/11\/profil-alti-300x70.jpg\" alt=\"\" class=\"wp-image-4791\" srcset=\"https:\/\/www.aphyllanthe.fr\/association\/wp-content\/uploads\/2016\/11\/profil-alti-300x70.jpg 300w, https:\/\/www.aphyllanthe.fr\/association\/wp-content\/uploads\/2016\/11\/profil-alti-768x178.jpg 768w, https:\/\/www.aphyllanthe.fr\/association\/wp-content\/uploads\/2016\/11\/profil-alti-600x139.jpg 600w, https:\/\/www.aphyllanthe.fr\/association\/wp-content\/uploads\/2016\/11\/profil-alti.jpg 947w\" sizes=\"auto, (max-width: 300px) 100vw, 300px\" \/><figcaption>profil altim\u00e9trique<\/figcaption><\/figure>\n<\/div>\n\n\n<p>La distance de marche th\u00e9orique annonc\u00e9e est g\u00e9n\u00e9ralement assez pr\u00e9cise (variation de moins d\u2019un kilom\u00e8tre). Par contre, pour des raisons techniques, le d\u00e9nivel\u00e9 cumul\u00e9 d\u2019un circuit \u00e9tant difficile \u00e0 mesurer avec pr\u00e9cision, le d\u00e9nivel\u00e9 cumul\u00e9 r\u00e9el peut varier de fa\u00e7on consid\u00e9rable des chiffres th\u00e9oriques.<\/p>\n\n\n\n<p>L&rsquo;Association propose des circuits correspondant aux crit\u00e8res suivants :<\/p>\n\n\n\n<ul class=\"wp-block-list\"><li>pour les sorties du vendredi et les week-ends pour tous, des circuits avec des maxima de 11 -14 km de distance et d\u2019environ 100 \u00e0 400 m de d\u00e9nivel\u00e9 cumul\u00e9 th\u00e9orique ;<\/li><li>pour les sorties du mardi et les circuits de 2 jours, des circuits de &nbsp;:\n<ul>\n<li>&lt; 15 km avec un maximum d\u2019environ 750 m de d\u00e9nivel\u00e9 cumul\u00e9 th\u00e9orique&nbsp;;<\/li>\n<li>entre 15 et 18 km avec un d\u00e9nivel\u00e9 cumul\u00e9 th\u00e9orique de moins de 750 m se r\u00e9duisant progressivement avec la distance&nbsp;;<\/li>\n<li>entre 18 et 20 km avec un maximum d\u2019environ 500 m de d\u00e9nivel\u00e9 cumul\u00e9 th\u00e9orique.<\/li>\n<\/ul>\n<\/li><\/ul>\n\n\n\n<p>Les responsables s\u2019efforcent de communiquer des informations les plus pr\u00e9cises possibles pour chaque sortie et ne peuvent \u00eatre tenus pour responsables des divergences pouvant \u00eatre relev\u00e9es par ailleurs ou sur le terrain.<\/p>\n\n\n\n<p><strong>Adoption des sorties<\/strong><\/p>\n\n\n\n<p>Afin de promouvoir la participation active et la convivialit\u00e9, les participants sont encourag\u00e9s \u00e0 proposer des circuits, \u00e0 les conduire s\u2019ils le souhaitent.<br \/>Pour des raisons \u00e9videntes de s\u00e9curit\u00e9 et de responsabilit\u00e9, cela ne pourra se faire qu\u2019avec l\u2019aval et en collaborations avec le comit\u00e9 d\u2019organisation.<\/p>\n\n\n\n<p><strong>Adh\u00e9sion <\/strong><\/p>\n\n\n\n<p>Les randonneurs doivent \u00eatre \u00e0 jour de leurs adh\u00e9sion \u00e0 l\u2019association <a href=\"https:\/\/www.aphyllanthe.fr\/association\/conditions-adhesions-et-activites\/\" target=\"_blank\" rel=\"noopener noreferrer\">(d\u00e9tails sur notre site)<\/a> et cotisation \u00e0 l\u2019activit\u00e9 randonn\u00e9e et avoir pris connaissance et accept\u00e9 les consignes aff\u00e9rentes \u00e0 ladite activit\u00e9.<\/p>\n","protected":false},"excerpt":{"rendered":"<p>Version PDF t\u00e9l\u00e9chargeableObjectifs L&rsquo;Association a pour but de favoriser les \u00e9changes et d&rsquo;entretenir un esprit de convivialit\u00e9 entre les participants \u00e0 ses activit\u00e9s y compris la randonn\u00e9e. L\u2019Association consid\u00e8re que la randonn\u00e9e n\u2019est pas un sport de comp\u00e9tition. Comit\u00e9 d&rsquo;organisation L\u2019Association a form\u00e9 un comit\u00e9 d&rsquo;organisation qui se charge de pr\u00e9parer et proposer des programmes &hellip; <a href=\"https:\/\/www.aphyllanthe.fr\/association\/principes-dorganisation\/\" class=\"more-link\">Continuer la lecture de <span class=\"screen-reader-text\">Principes d&rsquo;organisation<\/span>  <span class=\"meta-nav\">&rarr;<\/span><\/a><\/p>\n","protected":false},"author":1,"featured_media":211,"parent":0,"menu_order":0,"comment_status":"closed","ping_status":"closed","template":"","meta":{"footnotes":""},"class_list":["post-10162","page","type-page","status-publish","has-post-thumbnail","hentry"],"_links":{"self":[{"href":"https:\/\/www.aphyllanthe.fr\/association\/wp-json\/wp\/v2\/pages\/10162","targetHints":{"allow":["GET"]}}],"collection":[{"href":"https:\/\/www.aphyllanthe.fr\/association\/wp-json\/wp\/v2\/pages"}],"about":[{"href":"https:\/\/www.aphyllanthe.fr\/association\/wp-json\/wp\/v2\/types\/page"}],"author":[{"embeddable":true,"href":"https:\/\/www.aphyllanthe.fr\/association\/wp-json\/wp\/v2\/users\/1"}],"replies":[{"embeddable":true,"href":"https:\/\/www.aphyllanthe.fr\/association\/wp-json\/wp\/v2\/comments?post=10162"}],"version-history":[{"count":5,"href":"https:\/\/www.aphyllanthe.fr\/association\/wp-json\/wp\/v2\/pages\/10162\/revisions"}],"predecessor-version":[{"id":17163,"href":"https:\/\/www.aphyllanthe.fr\/association\/wp-json\/wp\/v2\/pages\/10162\/revisions\/17163"}],"wp:featuredmedia":[{"embeddable":true,"href":"https:\/\/www.aphyllanthe.fr\/association\/wp-json\/wp\/v2\/media\/211"}],"wp:attachment":[{"href":"https:\/\/www.aphyllanthe.fr\/association\/wp-json\/wp\/v2\/media?parent=10162"}],"curies":[{"name":"wp","href":"https:\/\/api.w.org\/{rel}","templated":true}]}}

<p><a href="/association/pdf/2022-09-principes-d-organisation.pdf">Version PDF téléchargeable</a><br /><strong>Objectifs</strong></p>



<p>L&rsquo;Association a pour but de favoriser les échanges et d&rsquo;entretenir un esprit de convivialité entre les participants à ses activités y compris la randonnée. L’Association considère que la randonnée n’est pas un sport de compétition.</p>



<p><strong>Comité d&rsquo;organisation </strong></p>



<p>L’Association a formé un comité d&rsquo;organisation qui se charge de préparer et proposer des programmes et décider du contenu du règlement de la randonnée.<br />Les membres de ce comité pour la saison 2022 / 2023 sont Jim, Philippe, Jean-Luc, Bertrand et Pascal. Ces personnes, et d&rsquo;autres responsables ponctuels, sont bénévoles et consacrent beaucoup de temps à la préparation des programmes, à l’organisation des sorties et à la conduite des randonnées.</p>



<p><strong>Programme et participation</strong></p>



<p>L’Association propose&nbsp;:</p>



<ul class="wp-block-list"><li>des sorties régulières les vendredis après-midi et les mardis (parfois les dimanches) à la journée ;</li><li>des sorties ponctuelles&nbsp;:
<ul>
<li>un week-end pour tous&nbsp;;</li>
<li>quelques sorties de 2 jours ou plus en semaine.</li>
</ul>
</li></ul>


<div class="wp-block-image size-medium wp-image-5284">
<figure class="alignright"><a href="https://www.aphyllanthe.fr/association/wp-content/uploads/2017/03/DSC06021-montee-au-col-de-la-candelle.jpg"><img loading="lazy" decoding="async" width="300" height="200" src="https://www.aphyllanthe.fr/association/wp-content/uploads/2017/03/DSC06021-montee-au-col-de-la-candelle-300x200.jpg" alt="la montée au col de la Grande Candelle" class="wp-image-5284" srcset="https://www.aphyllanthe.fr/association/wp-content/uploads/2017/03/DSC06021-montee-au-col-de-la-candelle-300x200.jpg 300w, https://www.aphyllanthe.fr/association/wp-content/uploads/2017/03/DSC06021-montee-au-col-de-la-candelle-768x512.jpg 768w, https://www.aphyllanthe.fr/association/wp-content/uploads/2017/03/DSC06021-montee-au-col-de-la-candelle-1024x683.jpg 1024w, https://www.aphyllanthe.fr/association/wp-content/uploads/2017/03/DSC06021-montee-au-col-de-la-candelle-600x400.jpg 600w, https://www.aphyllanthe.fr/association/wp-content/uploads/2017/03/DSC06021-montee-au-col-de-la-candelle.jpg 1620w" sizes="auto, (max-width: 300px) 100vw, 300px" /></a><figcaption>la montée au col de la Grande Candelle</figcaption></figure>
</div>


<p>Tout nouveau participant ne pouvant justifier d’une bonne expérience de randonneur compatible avec le niveau souhaité de participation et approuvée par les responsables devra&nbsp;:</p>



<ul class="wp-block-list"><li>débuter par une sortie du vendredi puis participer à une sortie du mardi le cas échéant&nbsp;;</li><li>pour participer au week-end pour tous, avoir déjà participé à une sortie du vendredi&nbsp;;</li><li>pour participer aux sorties de 2 jours ou plus en semaine, avoir déjà participé à au moins une sortie du mardi et être jugé apte à participer à la sortie par un membre du comite d’organisation.</li></ul>



<p>Une sortie d’essai est toujours possible pour un visiteur (le vendredi seulement), à condition de signer une décharge (<a href="https://www.aphyllanthe.fr/association/pdf/decharge.pdf" target="_blank" rel="noopener noreferrer">se télécharge ici</a>) et de respecter les conditions de ce règlement.</p>



<p>Au-delà de cette seule sortie d’essai, le randonneur doit avoir régularisé son adhésion à l’Association <a href="https://www.aphyllanthe.fr/association/conditions-adhesions-et-activites/" target="_blank" rel="noopener noreferrer">(détails sur notre site)</a> ou en appelant l’Association au 04 6622 1020).</p>



<p>Cette adhésion sous-entend expressément que la personne a accepté sans réserve l’ensemble des règles régissant l’Association et notamment concernant sa responsabilité en cas de participation à des activités physiques et/ou sportives proposées par cette dernière.</p>



<p>Toute dérogation à ces règles devra être approuvée par le comité d’organisation.</p>



<p>Une randonnée est annulée s’il n’y a pas une participation minimum de 3 personnes ou à la discrétion du responsable de la sortie.</p>



<p>Avant chaque randonnée, un mail est envoyé aux randonneurs inscrits pour préciser les détails (heure et point de départ à pied, éventuellement d&rsquo;autres consignes).</p>



<p>Le programme est publié sur notre site (voir les rubriques randonnée).</p>



<p><strong>Paramètres cibles des randonnées</strong></p>


<div class="wp-block-image size-medium wp-image-4791">
<figure class="alignleft"><img loading="lazy" decoding="async" width="300" height="70" src="https://www.aphyllanthe.fr/association/wp-content/uploads/2016/11/profil-alti-300x70.jpg" alt="" class="wp-image-4791" srcset="https://www.aphyllanthe.fr/association/wp-content/uploads/2016/11/profil-alti-300x70.jpg 300w, https://www.aphyllanthe.fr/association/wp-content/uploads/2016/11/profil-alti-768x178.jpg 768w, https://www.aphyllanthe.fr/association/wp-content/uploads/2016/11/profil-alti-600x139.jpg 600w, https://www.aphyllanthe.fr/association/wp-content/uploads/2016/11/profil-alti.jpg 947w" sizes="auto, (max-width: 300px) 100vw, 300px" /><figcaption>profil altimétrique</figcaption></figure>
</div>


<p>La distance de marche théorique annoncée est généralement assez précise (variation de moins d’un kilomètre). Par contre, pour des raisons techniques, le dénivelé cumulé d’un circuit étant difficile à mesurer avec précision, le dénivelé cumulé réel peut varier de façon considérable des chiffres théoriques.</p>



<p>L&rsquo;Association propose des circuits correspondant aux critères suivants :</p>



<ul class="wp-block-list"><li>pour les sorties du vendredi et les week-ends pour tous, des circuits avec des maxima de 11 -14 km de distance et d’environ 100 à 400 m de dénivelé cumulé théorique ;</li><li>pour les sorties du mardi et les circuits de 2 jours, des circuits de &nbsp;:
<ul>
<li>&lt; 15 km avec un maximum d’environ 750 m de dénivelé cumulé théorique&nbsp;;</li>
<li>entre 15 et 18 km avec un dénivelé cumulé théorique de moins de 750 m se réduisant progressivement avec la distance&nbsp;;</li>
<li>entre 18 et 20 km avec un maximum d’environ 500 m de dénivelé cumulé théorique.</li>
</ul>
</li></ul>



<p>Les responsables s’efforcent de communiquer des informations les plus précises possibles pour chaque sortie et ne peuvent être tenus pour responsables des divergences pouvant être relevées par ailleurs ou sur le terrain.</p>



<p><strong>Adoption des sorties</strong></p>



<p>Afin de promouvoir la participation active et la convivialité, les participants sont encouragés à proposer des circuits, à les conduire s’ils le souhaitent.<br />Pour des raisons évidentes de sécurité et de responsabilité, cela ne pourra se faire qu’avec l’aval et en collaborations avec le comité d’organisation.</p>



<p><strong>Adhésion </strong></p>



<p>Les randonneurs doivent être à jour de leurs adhésion à l’association <a href="https://www.aphyllanthe.fr/association/conditions-adhesions-et-activites/" target="_blank" rel="noopener noreferrer">(détails sur notre site)</a> et cotisation à l’activité randonnée et avoir pris connaissance et accepté les consignes afférentes à ladite activité.</p>

<p>Version PDF téléchargeableObjectifs L&rsquo;Association a pour but de favoriser les échanges et d&rsquo;entretenir un esprit de convivialité entre les participants à ses activités y compris la randonnée. L’Association considère que la randonnée n’est pas un sport de compétition. Comité d&rsquo;organisation L’Association a formé un comité d&rsquo;organisation qui se charge de préparer et proposer des programmes &hellip; <a href="https://www.aphyllanthe.fr/association/principes-dorganisation/" class="more-link">Continuer la lecture de <span class="screen-reader-text">Principes d&rsquo;organisation</span>  <span class="meta-nav">&rarr;</span></a></p>
