{"id":12049,"date":"2020-03-25T21:28:37","date_gmt":"2020-03-25T20:28:37","guid":{"rendered":"https:\/\/www.aphyllanthe.fr\/association\/?page_id=12049"},"modified":"2021-05-07T09:24:15","modified_gmt":"2021-05-07T08:24:15","slug":"crise-sanitaire","status":"publish","type":"page","link":"https:\/\/www.aphyllanthe.fr\/association\/crise-sanitaire\/","title":{"rendered":"Crise sanitaire"},"content":{"rendered":"<p>Sur cette page : des r\u00e9f\u00e9rences permettant de vous informer et de g\u00e9rer la p\u00e9riode de confinement aux mieux. Pensez \u00e0 consulter notre page <a href=\"https:\/\/www.aphyllanthe.fr\/association\/parentalite\/\"><strong>Parentalit\u00e9<\/strong><\/a> aussi.<\/p>\n<p><strong>Nouveaut\u00e9<\/strong> : les \u00e9tapes du d\u00e9confinement progressif expliqu\u00e9es de fa\u00e7on claire sur ce document le N\u00b0 17 de CODES, le comit\u00e9 d\u00e9partemental d&rsquo;\u00e9ducation pour la sant\u00e9 (cliquer <a href=\"https:\/\/www.aphyllanthe.fr\/association\/pdf\/deconfinement\/etapes-deconfinement-printemps-2021.pdf\" target=\"_blank\" rel=\"noopener\">ici<\/a>) avec des liens qui m\u00e8nent directement \u00e0 l&rsquo;information souhait\u00e9e. On y trouve \u00e9galement des conseils pour une vie saine (alimentation, de rythme de vie, etc).<\/p>\n<div style=\"width: 45%; float: left;\"><strong>Site du gouvernement<\/strong><br \/>\n<a href=\"https:\/\/www.gouvernement.fr\/info-coronavirus?fbclid=IwAR2CZwOwB1N6U9fplzNhanE0_qynPNBnTgav3kAxFzoT_6uxfyH_P4iU3N8\" target=\"_blank\" rel=\"noopener noreferrer\">Point de situation r\u00e9guli\u00e8rement actualis\u00e9<\/a><strong><br \/>\nSite du Minist\u00e8re de l&rsquo;int\u00e9rieur<\/strong><a href=\"https:\/\/www.interieur.gouv.fr\/\" target=\"_blank\" rel=\"noopener noreferrer\"><br \/>\nAttestations, gestes barri\u00e8re<\/a><strong><br \/>\nSuivi des cas par d\u00e9partement<\/strong><br \/>\n<a href=\"https:\/\/yannickbochatay.github.io\/covid-19\/build\/\" target=\"_blank\" rel=\"noopener noreferrer\">Cliquez<\/a><br \/>\n<strong>Acc\u00e8s aux aides de l&rsquo;\u00e9tat<\/strong><br \/>\n<a href=\"https:\/\/www.associations.gouv.fr\/les-aides-et-appuis-exceptionnels-aux-entreprises-accessibles-aux-associations-employeuses-et-a-leurs-salaries.html\" target=\"_blank\" rel=\"noopener noreferrer\">Appui aux associations et \u00e0 leurs salari\u00e9s<\/a><\/div>\n<div style=\"width: 45%; float: right;\"><strong>Violences conjugales<\/strong><br \/>\n<a href=\"https:\/\/arretonslesviolences.gouv.fr\" target=\"_blank\" rel=\"noopener noreferrer\">L&rsquo;essentiel<\/a> et <a href=\"https:\/\/www.stop-violences-femmes.gouv.fr\/\" target=\"_blank\" rel=\"noopener noreferrer\">Pour aller plus loin<\/a><strong><br \/>\nAmeli<\/strong><br \/>\n<a href=\"https:\/\/www.ameli.fr\/gard\/assure\/sante\/themes\/gestes-barrieres\/les-4-gestes-barrieres-adopter-pour-limiter-la-transmission-des-virus-de-lhiver\" target=\"_blank\" rel=\"noopener noreferrer\">Gestes barri\u00e8re- site AMELI<\/a><strong><br \/>\nConsignes de d\u00e9sinfection<\/strong><br \/>\n<a href=\"https:\/\/www.lapresse.ca\/societe\/sante\/202003\/20\/01-5265747-covid-19-mode-demploi-pour-eviter-la-contamination-de-la-maison.php\" target=\"_blank\" rel=\"noopener noreferrer\">Mode d&#8217;emploi<br \/>\n<\/a><strong>Recommandations pour le port du masque<\/strong><br \/>\n<a href=\"https:\/\/sante-respiratoire.com\/covid-19-quelles-recommandations-pour-le-port-du-masque\/\" target=\"blank\" rel=\"noopener noreferrer\">Cliquez<br \/>\n<\/a><strong>Suivi des cas au niveau mondial<\/strong><br \/>\n<a href=\"https:\/\/coronavirus.jhu.edu\/map.html\" target=\"_blank\" rel=\"noopener noreferrer\">Cliquez<\/a><\/div>\n","protected":false},"excerpt":{"rendered":"<p>Sur cette page : des r\u00e9f\u00e9rences permettant de vous informer et de g\u00e9rer la p\u00e9riode de confinement aux mieux. Pensez \u00e0 consulter notre page Parentalit\u00e9 aussi. Nouveaut\u00e9 : les \u00e9tapes du d\u00e9confinement progressif expliqu\u00e9es de fa\u00e7on claire sur ce document le N\u00b0 17 de CODES, le comit\u00e9 d\u00e9partemental d&rsquo;\u00e9ducation pour la sant\u00e9 (cliquer ici) avec &hellip; <a href=\"https:\/\/www.aphyllanthe.fr\/association\/crise-sanitaire\/\" class=\"more-link\">Continuer la lecture de <span class=\"screen-reader-text\">Crise sanitaire<\/span>  <span class=\"meta-nav\">&rarr;<\/span><\/a><\/p>\n","protected":false},"author":1,"featured_media":0,"parent":0,"menu_order":0,"comment_status":"closed","ping_status":"closed","template":"","meta":{"footnotes":""},"class_list":["post-12049","page","type-page","status-publish","hentry"],"_links":{"self":[{"href":"https:\/\/www.aphyllanthe.fr\/association\/wp-json\/wp\/v2\/pages\/12049","targetHints":{"allow":["GET"]}}],"collection":[{"href":"https:\/\/www.aphyllanthe.fr\/association\/wp-json\/wp\/v2\/pages"}],"about":[{"href":"https:\/\/www.aphyllanthe.fr\/association\/wp-json\/wp\/v2\/types\/page"}],"author":[{"embeddable":true,"href":"https:\/\/www.aphyllanthe.fr\/association\/wp-json\/wp\/v2\/users\/1"}],"replies":[{"embeddable":true,"href":"https:\/\/www.aphyllanthe.fr\/association\/wp-json\/wp\/v2\/comments?post=12049"}],"version-history":[{"count":2,"href":"https:\/\/www.aphyllanthe.fr\/association\/wp-json\/wp\/v2\/pages\/12049\/revisions"}],"predecessor-version":[{"id":14222,"href":"https:\/\/www.aphyllanthe.fr\/association\/wp-json\/wp\/v2\/pages\/12049\/revisions\/14222"}],"wp:attachment":[{"href":"https:\/\/www.aphyllanthe.fr\/association\/wp-json\/wp\/v2\/media?parent=12049"}],"curies":[{"name":"wp","href":"https:\/\/api.w.org\/{rel}","templated":true}]}}