{"id":13137,"date":"2020-08-17T17:16:00","date_gmt":"2020-08-17T16:16:00","guid":{"rendered":"https:\/\/www.aphyllanthe.fr\/association\/?page_id=13137"},"modified":"2020-09-10T21:30:34","modified_gmt":"2020-09-10T20:30:34","slug":"programme-rentree-2020","status":"publish","type":"page","link":"https:\/\/www.aphyllanthe.fr\/association\/programme-rentree-2020\/","title":{"rendered":"Programme Rentr\u00e9e 2020"},"content":{"rendered":"<figure class=\"wp-block-image size-large\"><img loading=\"lazy\" decoding=\"async\" width=\"1024\" height=\"362\" class=\"wp-image-6169\" src=\"https:\/\/www.aphyllanthe.fr\/association\/wp-content\/uploads\/2017\/08\/elze-e1503232291466-1024x362.jpg\" alt=\"balises\" srcset=\"https:\/\/www.aphyllanthe.fr\/association\/wp-content\/uploads\/2017\/08\/elze-e1503232291466-1024x362.jpg 1024w, https:\/\/www.aphyllanthe.fr\/association\/wp-content\/uploads\/2017\/08\/elze-e1503232291466-300x106.jpg 300w, https:\/\/www.aphyllanthe.fr\/association\/wp-content\/uploads\/2017\/08\/elze-e1503232291466-768x272.jpg 768w, https:\/\/www.aphyllanthe.fr\/association\/wp-content\/uploads\/2017\/08\/elze-e1503232291466-600x212.jpg 600w, https:\/\/www.aphyllanthe.fr\/association\/wp-content\/uploads\/2017\/08\/elze-e1503232291466.jpg 1910w\" sizes=\"auto, (max-width: 1024px) 100vw, 1024px\" \/><\/figure>\n<p><strong>Conditions de reprise :<\/strong><\/p>\n<ol>\n<li><strong>Covoiturage<\/strong> : Jusqu\u2019\u00e0 nouvel ordre, nous ne pouvons plus organiser le covoiturage au d\u00e9part d&rsquo;Aigaliers.\u00a0 Les randonneurs seront invit\u00e9s \u00e0 se rendre par leur propres moyens \u00e0 l&rsquo;endroit du d\u00e9part de la randonn\u00e9e.\u00a0 Lors des annonces des dates et des circuits, nous nous efforcerons de donner des indications de parking sur place.\u00a0 Pour les sorties de vendredi, encore plus qu&rsquo;aux ann\u00e9es pass\u00e9es, nous proposerons des circuits pas trop loin de l&rsquo;Uz\u00e8ge.<\/li>\n<li><strong>Distanciation<\/strong> : Les r\u00e8gles annonc\u00e9s par la F\u00e9d\u00e9ration Fran\u00e7aise de Randonn\u00e9e P\u00e9destre\u00a0 :\u00a0 \u00ab\u00a0<em>Les activit\u00e9s reprennent <\/em>:\n<ul>\n<li><em>dans le respect d\u2019une distanciation physique sp\u00e9cifique entre les pratiquants qui d\u00e9pendra de la vitesse de marche et de randonn\u00e9e et du risque de contamination par postillons et gouttelettes de transpiration. Ainsi des marcheurs \u00e9voluant \u00e0 la vitesse classique de 4km\/h veilleront \u00e0 garder un espacement d\u2019au moins 2 m\u00e8tres, alors que des marcheurs \u00e0 6km\/h s\u2019espaceront d\u2019au moins 5 m\u00e8tres,<\/em><\/li>\n<li><em>&#8211; sans limitation de distance du domicile, sans limitation de nombre \u00e0 10 personnes maximum et en ext\u00e9rieur\u00a0\u00bb<\/em><\/li>\n<\/ul>\n<\/li>\n<li>Nous serons attentifs au respect des r\u00e8gles de distanciation lors des premi\u00e8res sorties. Si nous constatons que le respect des distances entre randonneurs n&rsquo;est pas possible, nous r\u00e9servons la possibilit\u00e9 de suspendre les activit\u00e9s jusqu\u2019\u00e0 nouvel ordre.<\/li>\n<li><strong>Masques<\/strong> : tous les randonneurs doivent avoir un masque avec eux et s&rsquo;en servir quand c&rsquo;est n\u00e9cessaire (lors des conversations \u00e0 la pause par exemple).<\/li>\n<\/ol>\n<p><strong>Reprise des sorties de vendredi :<\/strong><\/p>\n<p>La reprise de marche de groupe sera le 18 septembre \u00e0 13h30. Le point de d\u00e9part sera assez pr\u00e8s d&rsquo;Aigaliers. Les d\u00e9tails seront annonc\u00e9s dans la semaine du 14 septembre.<\/p>\n<p><strong>Reprise des sorties de mardi :<\/strong><\/p>\n<p>Voici le programme pour la p\u00e9riode septembre \u00e0 d\u00e9cembre 2020.<\/p>\n<table style=\"background-color: #dae4ed;\">\n<tbody>\n<tr>\n<th title=\"Field #1\">Date<\/th>\n<th title=\"Field #2\">Titre<\/th>\n<th title=\"Field #3\">D\u00e9part de la<br \/>\nCommune<\/th>\n<th title=\"Field #4\">Distance<br \/>\nDe marche (km)<\/th>\n<th title=\"Field #5\">Temps<br \/>\nDe marche (hh:mm)<\/th>\n<th title=\"Field #6\">D\u00e9nivel\u00e9.<br \/>\nCumul\u00e9 (m)<\/th>\n<th title=\"Field #7\">Distance<br \/>\nRte (km A\/S)<\/th>\n<th title=\"Field #8\">Temps<br \/>\nRte (hh:mm A\/R)<\/th>\n<th title=\"Field #9\">Temps total (hh:mm)<\/th>\n<th title=\"Field #10\">Cliquer pour afficher<\/th>\n<th title=\"Field #11\">Resp.<\/th>\n<\/tr>\n<tr>\n<td>mar. 8 sept. 20<\/td>\n<td>Concluses de Lussan<\/td>\n<td>Lussan<\/td>\n<td align=\"right\">14<\/td>\n<td>4h30<\/td>\n<td align=\"right\">400<\/td>\n<td align=\"right\">20<\/td>\n<td>1h<\/td>\n<td>5h30<\/td>\n<td align=\"right\"><a href=\"https:\/\/www.aphyllanthe.fr\/randonnees\/circuit.php?rkey=643\" target=\"_blank\" rel=\"noopener noreferrer\">afficher<\/a><\/td>\n<td><\/td>\n<\/tr>\n<tr>\n<td>mar. 22 sept. 20<\/td>\n<td>St-Michel de Frigolet<\/td>\n<td>Boulbon<\/td>\n<td align=\"right\">15.6<\/td>\n<td>4h<\/td>\n<td align=\"right\">330<\/td>\n<td align=\"right\">51<\/td>\n<td>2h<\/td>\n<td>6h<\/td>\n<td align=\"right\"><a href=\"https:\/\/www.aphyllanthe.fr\/randonnees\/circuit.php?rkey=611\" target=\"_blank\" rel=\"noopener noreferrer\">afficher<\/a><\/td>\n<td><\/td>\n<\/tr>\n<tr>\n<td>mar. 6 oct. 20<\/td>\n<td>Pont du Tarn\/Baraquette<\/td>\n<td>Le Pont de Montvert (lieu-dit la Baraquette)<\/td>\n<td align=\"right\">16.6<\/td>\n<td>5h<\/td>\n<td align=\"right\">450<\/td>\n<td align=\"right\">75<\/td>\n<td>3h15<\/td>\n<td>8h15<\/td>\n<td align=\"right\"><a href=\"https:\/\/www.aphyllanthe.fr\/randonnees\/circuit.php?rkey=1034\" target=\"_blank\" rel=\"noopener noreferrer\">afficher<\/a><\/td>\n<td><\/td>\n<\/tr>\n<tr>\n<td>mar. 20 oct. 20<\/td>\n<td>Col des Fosses<\/td>\n<td>Saint-Roman-de-Codi\u00e8res<\/td>\n<td align=\"right\">14.1<\/td>\n<td>4h30<\/td>\n<td align=\"right\">550<\/td>\n<td align=\"right\">62<\/td>\n<td>2h45<\/td>\n<td>6h45<\/td>\n<td align=\"right\"><a href=\"https:\/\/www.aphyllanthe.fr\/randonnees\/circuit.php?rkey=671\" target=\"_blank\" rel=\"noopener noreferrer\">afficher<\/a><\/td>\n<td><\/td>\n<\/tr>\n<tr>\n<td>mar. 3 nov. 20<\/td>\n<td>Chames Patroux<\/td>\n<td>Vallon-Pont-d&rsquo;Arc (Chames)<\/td>\n<td align=\"right\">14.5<\/td>\n<td>5h30<\/td>\n<td align=\"right\">440<\/td>\n<td align=\"right\">62<\/td>\n<td>2h<\/td>\n<td>7h30<\/td>\n<td align=\"right\"><a href=\"https:\/\/www.aphyllanthe.fr\/randonnees\/circuit.php?rkey=1214\" target=\"_blank\" rel=\"noopener noreferrer\">afficher<\/a><\/td>\n<td><\/td>\n<\/tr>\n<tr>\n<td>mar. 17 nov. 20<\/td>\n<td>Les Vans Naves Brahic<\/td>\n<td>Les Vans (Ard\u00e8che)<\/td>\n<td align=\"right\">15<\/td>\n<td>5h00<\/td>\n<td align=\"right\">800<\/td>\n<td align=\"right\">58<\/td>\n<td>2h<\/td>\n<td>7h<\/td>\n<td align=\"right\"><a href=\"https:\/\/www.aphyllanthe.fr\/randonnees\/circuit.php?rkey=1098\">afficher<\/a><\/td>\n<td><\/td>\n<\/tr>\n<tr>\n<td>mar. 01 dec. 20<\/td>\n<td>Cappelans et la Grande Palli\u00e8res<\/td>\n<td>Anduze<\/td>\n<td align=\"right\">16.3<\/td>\n<td>6h<\/td>\n<td align=\"right\">550<\/td>\n<td align=\"right\">35<\/td>\n<td>1h15<\/td>\n<td>7h15<\/td>\n<td align=\"right\"><a href=\"https:\/\/www.aphyllanthe.fr\/randonnees\/circuit.php?rkey=1487\" target=\"_blank\" rel=\"noopener noreferrer\">afficher<\/a><\/td>\n<td><\/td>\n<\/tr>\n<tr>\n<td>mar. 15 dec. 20<\/td>\n<td>Lac de Matane<\/td>\n<td>Lauret (H\u00e9rault)<\/td>\n<td align=\"right\">16.2<\/td>\n<td>5h30<\/td>\n<td align=\"right\">500<\/td>\n<td align=\"right\">51<\/td>\n<td>1h45<\/td>\n<td>7h15<\/td>\n<td align=\"right\"><a href=\"https:\/\/www.aphyllanthe.fr\/randonnees\/circuit.php?rkey=1434\" target=\"_blank\" rel=\"noopener noreferrer\">afficher<\/a><\/td>\n<td><\/td>\n<\/tr>\n<\/tbody>\n<\/table>\n","protected":false},"excerpt":{"rendered":"<p>Conditions de reprise : Covoiturage : Jusqu\u2019\u00e0 nouvel ordre, nous ne pouvons plus organiser le covoiturage au d\u00e9part d&rsquo;Aigaliers.\u00a0 Les randonneurs seront invit\u00e9s \u00e0 se rendre par leur propres moyens \u00e0 l&rsquo;endroit du d\u00e9part de la randonn\u00e9e.\u00a0 Lors des annonces des dates et des circuits, nous nous efforcerons de donner des indications de parking sur &hellip; <a href=\"https:\/\/www.aphyllanthe.fr\/association\/programme-rentree-2020\/\" class=\"more-link\">Continuer la lecture de <span class=\"screen-reader-text\">Programme Rentr\u00e9e 2020<\/span>  <span class=\"meta-nav\">&rarr;<\/span><\/a><\/p>\n","protected":false},"author":1,"featured_media":0,"parent":0,"menu_order":0,"comment_status":"closed","ping_status":"closed","template":"page-templates\/full-width.php","meta":{"footnotes":""},"class_list":["post-13137","page","type-page","status-publish","hentry"],"_links":{"self":[{"href":"https:\/\/www.aphyllanthe.fr\/association\/wp-json\/wp\/v2\/pages\/13137","targetHints":{"allow":["GET"]}}],"collection":[{"href":"https:\/\/www.aphyllanthe.fr\/association\/wp-json\/wp\/v2\/pages"}],"about":[{"href":"https:\/\/www.aphyllanthe.fr\/association\/wp-json\/wp\/v2\/types\/page"}],"author":[{"embeddable":true,"href":"https:\/\/www.aphyllanthe.fr\/association\/wp-json\/wp\/v2\/users\/1"}],"replies":[{"embeddable":true,"href":"https:\/\/www.aphyllanthe.fr\/association\/wp-json\/wp\/v2\/comments?post=13137"}],"version-history":[{"count":0,"href":"https:\/\/www.aphyllanthe.fr\/association\/wp-json\/wp\/v2\/pages\/13137\/revisions"}],"wp:attachment":[{"href":"https:\/\/www.aphyllanthe.fr\/association\/wp-json\/wp\/v2\/media?parent=13137"}],"curies":[{"name":"wp","href":"https:\/\/api.w.org\/{rel}","templated":true}]}}

Programme Rentrée 2020

<figure class="wp-block-image size-large"><img loading="lazy" decoding="async" width="1024" height="362" class="wp-image-6169" src="https://www.aphyllanthe.fr/association/wp-content/uploads/2017/08/elze-e1503232291466-1024x362.jpg" alt="balises" srcset="https://www.aphyllanthe.fr/association/wp-content/uploads/2017/08/elze-e1503232291466-1024x362.jpg 1024w, https://www.aphyllanthe.fr/association/wp-content/uploads/2017/08/elze-e1503232291466-300x106.jpg 300w, https://www.aphyllanthe.fr/association/wp-content/uploads/2017/08/elze-e1503232291466-768x272.jpg 768w, https://www.aphyllanthe.fr/association/wp-content/uploads/2017/08/elze-e1503232291466-600x212.jpg 600w, https://www.aphyllanthe.fr/association/wp-content/uploads/2017/08/elze-e1503232291466.jpg 1910w" sizes="auto, (max-width: 1024px) 100vw, 1024px" /></figure>
<p><strong>Conditions de reprise :</strong></p>
<ol>
<li><strong>Covoiturage</strong> : Jusqu’à nouvel ordre, nous ne pouvons plus organiser le covoiturage au départ d&rsquo;Aigaliers.  Les randonneurs seront invités à se rendre par leur propres moyens à l&rsquo;endroit du départ de la randonnée.  Lors des annonces des dates et des circuits, nous nous efforcerons de donner des indications de parking sur place.  Pour les sorties de vendredi, encore plus qu&rsquo;aux années passées, nous proposerons des circuits pas trop loin de l&rsquo;Uzège.</li>
<li><strong>Distanciation</strong> : Les règles annoncés par la Fédération Française de Randonnée Pédestre  :  « <em>Les activités reprennent </em>:
<ul>
<li><em>dans le respect d’une distanciation physique spécifique entre les pratiquants qui dépendra de la vitesse de marche et de randonnée et du risque de contamination par postillons et gouttelettes de transpiration. Ainsi des marcheurs évoluant à la vitesse classique de 4km/h veilleront à garder un espacement d’au moins 2 mètres, alors que des marcheurs à 6km/h s’espaceront d’au moins 5 mètres,</em></li>
<li><em>&#8211; sans limitation de distance du domicile, sans limitation de nombre à 10 personnes maximum et en extérieur »</em></li>
</ul>
</li>
<li>Nous serons attentifs au respect des règles de distanciation lors des premières sorties. Si nous constatons que le respect des distances entre randonneurs n&rsquo;est pas possible, nous réservons la possibilité de suspendre les activités jusqu’à nouvel ordre.</li>
<li><strong>Masques</strong> : tous les randonneurs doivent avoir un masque avec eux et s&rsquo;en servir quand c&rsquo;est nécessaire (lors des conversations à la pause par exemple).</li>
</ol>
<p><strong>Reprise des sorties de vendredi :</strong></p>
<p>La reprise de marche de groupe sera le 18 septembre à 13h30. Le point de départ sera assez près d&rsquo;Aigaliers. Les détails seront annoncés dans la semaine du 14 septembre.</p>
<p><strong>Reprise des sorties de mardi :</strong></p>
<p>Voici le programme pour la période septembre à décembre 2020.</p>
<table style="background-color: #dae4ed;">
<tbody>
<tr>
<th title="Field #1">Date</th>
<th title="Field #2">Titre</th>
<th title="Field #3">Départ de la<br />
Commune</th>
<th title="Field #4">Distance<br />
De marche (km)</th>
<th title="Field #5">Temps<br />
De marche (hh:mm)</th>
<th title="Field #6">Dénivelé.<br />
Cumulé (m)</th>
<th title="Field #7">Distance<br />
Rte (km A/S)</th>
<th title="Field #8">Temps<br />
Rte (hh:mm A/R)</th>
<th title="Field #9">Temps total (hh:mm)</th>
<th title="Field #10">Cliquer pour afficher</th>
<th title="Field #11">Resp.</th>
</tr>
<tr>
<td>mar. 8 sept. 20</td>
<td>Concluses de Lussan</td>
<td>Lussan</td>
<td align="right">14</td>
<td>4h30</td>
<td align="right">400</td>
<td align="right">20</td>
<td>1h</td>
<td>5h30</td>
<td align="right"><a href="https://www.aphyllanthe.fr/randonnees/circuit.php?rkey=643" target="_blank" rel="noopener noreferrer">afficher</a></td>
<td></td>
</tr>
<tr>
<td>mar. 22 sept. 20</td>
<td>St-Michel de Frigolet</td>
<td>Boulbon</td>
<td align="right">15.6</td>
<td>4h</td>
<td align="right">330</td>
<td align="right">51</td>
<td>2h</td>
<td>6h</td>
<td align="right"><a href="https://www.aphyllanthe.fr/randonnees/circuit.php?rkey=611" target="_blank" rel="noopener noreferrer">afficher</a></td>
<td></td>
</tr>
<tr>
<td>mar. 6 oct. 20</td>
<td>Pont du Tarn/Baraquette</td>
<td>Le Pont de Montvert (lieu-dit la Baraquette)</td>
<td align="right">16.6</td>
<td>5h</td>
<td align="right">450</td>
<td align="right">75</td>
<td>3h15</td>
<td>8h15</td>
<td align="right"><a href="https://www.aphyllanthe.fr/randonnees/circuit.php?rkey=1034" target="_blank" rel="noopener noreferrer">afficher</a></td>
<td></td>
</tr>
<tr>
<td>mar. 20 oct. 20</td>
<td>Col des Fosses</td>
<td>Saint-Roman-de-Codières</td>
<td align="right">14.1</td>
<td>4h30</td>
<td align="right">550</td>
<td align="right">62</td>
<td>2h45</td>
<td>6h45</td>
<td align="right"><a href="https://www.aphyllanthe.fr/randonnees/circuit.php?rkey=671" target="_blank" rel="noopener noreferrer">afficher</a></td>
<td></td>
</tr>
<tr>
<td>mar. 3 nov. 20</td>
<td>Chames Patroux</td>
<td>Vallon-Pont-d&rsquo;Arc (Chames)</td>
<td align="right">14.5</td>
<td>5h30</td>
<td align="right">440</td>
<td align="right">62</td>
<td>2h</td>
<td>7h30</td>
<td align="right"><a href="https://www.aphyllanthe.fr/randonnees/circuit.php?rkey=1214" target="_blank" rel="noopener noreferrer">afficher</a></td>
<td></td>
</tr>
<tr>
<td>mar. 17 nov. 20</td>
<td>Les Vans Naves Brahic</td>
<td>Les Vans (Ardèche)</td>
<td align="right">15</td>
<td>5h00</td>
<td align="right">800</td>
<td align="right">58</td>
<td>2h</td>
<td>7h</td>
<td align="right"><a href="https://www.aphyllanthe.fr/randonnees/circuit.php?rkey=1098">afficher</a></td>
<td></td>
</tr>
<tr>
<td>mar. 01 dec. 20</td>
<td>Cappelans et la Grande Pallières</td>
<td>Anduze</td>
<td align="right">16.3</td>
<td>6h</td>
<td align="right">550</td>
<td align="right">35</td>
<td>1h15</td>
<td>7h15</td>
<td align="right"><a href="https://www.aphyllanthe.fr/randonnees/circuit.php?rkey=1487" target="_blank" rel="noopener noreferrer">afficher</a></td>
<td></td>
</tr>
<tr>
<td>mar. 15 dec. 20</td>
<td>Lac de Matane</td>
<td>Lauret (Hérault)</td>
<td align="right">16.2</td>
<td>5h30</td>
<td align="right">500</td>
<td align="right">51</td>
<td>1h45</td>
<td>7h15</td>
<td align="right"><a href="https://www.aphyllanthe.fr/randonnees/circuit.php?rkey=1434" target="_blank" rel="noopener noreferrer">afficher</a></td>
<td></td>
</tr>
</tbody>
</table>

<p>Conditions de reprise : Covoiturage : Jusqu’à nouvel ordre, nous ne pouvons plus organiser le covoiturage au départ d&rsquo;Aigaliers.  Les randonneurs seront invités à se rendre par leur propres moyens à l&rsquo;endroit du départ de la randonnée.  Lors des annonces des dates et des circuits, nous nous efforcerons de donner des indications de parking sur &hellip; <a href="https://www.aphyllanthe.fr/association/programme-rentree-2020/" class="more-link">Continuer la lecture de <span class="screen-reader-text">Programme Rentrée 2020</span>  <span class="meta-nav">&rarr;</span></a></p>
