{"id":17127,"date":"2022-08-31T09:05:01","date_gmt":"2022-08-31T08:05:01","guid":{"rendered":"https:\/\/www.aphyllanthe.fr\/association\/?page_id=17127"},"modified":"2023-08-17T14:56:49","modified_gmt":"2023-08-17T13:56:49","slug":"couture-avec-fanny-biller","status":"publish","type":"page","link":"https:\/\/www.aphyllanthe.fr\/association\/couture-avec-fanny-biller\/","title":{"rendered":"Couture avec Fanny Biller"},"content":{"rendered":"\n<p>C&rsquo;est \u00e0 la rentr\u00e9e 2022 que l&rsquo;atelier couture du samedi matin s&rsquo;est mis en place. Ouvert \u00e0 tous, d\u00e9butants compris, il est plut\u00f4t d\u00e9di\u00e9 \u00e0 la confection de v\u00eatements ou d&rsquo;accessoires.<\/p>\n\n\n\n<p>Tout au long des 20 s\u00e9ances de la saison 2022-2023, les cousettes (pas de \u00ab\u00a0cousets\u00a0\u00bb pour cette premi\u00e8re \u00e9dition) ont patiemment cr\u00e9\u00e9 et r\u00e9alis\u00e9 leurs mod\u00e8les sur mesure. Elles ont eu ainsi suffisamment de mati\u00e8re pour pouvoir r\u00e9aliser un d\u00e9fil\u00e9 de leurs diff\u00e9rentes r\u00e9alisations au cours de la f\u00eate anniversaire des 20 ans de l&rsquo;association en juillet 2023.<\/p>\n\n\n<div class=\"wp-block-image\">\n<figure class=\"aligncenter size-large\"><a href=\"https:\/\/www.aphyllanthe.fr\/association\/wp-content\/uploads\/2023\/08\/defile-couture-scaled.webp\"><img loading=\"lazy\" decoding=\"async\" width=\"1024\" height=\"683\" src=\"https:\/\/www.aphyllanthe.fr\/association\/wp-content\/uploads\/2023\/08\/defile-couture-1024x683.webp\" alt=\"\" class=\"wp-image-19195\" srcset=\"https:\/\/www.aphyllanthe.fr\/association\/wp-content\/uploads\/2023\/08\/defile-couture-1024x683.webp 1024w, https:\/\/www.aphyllanthe.fr\/association\/wp-content\/uploads\/2023\/08\/defile-couture-300x200.webp 300w, https:\/\/www.aphyllanthe.fr\/association\/wp-content\/uploads\/2023\/08\/defile-couture-768x512.webp 768w, https:\/\/www.aphyllanthe.fr\/association\/wp-content\/uploads\/2023\/08\/defile-couture-1536x1024.webp 1536w, https:\/\/www.aphyllanthe.fr\/association\/wp-content\/uploads\/2023\/08\/defile-couture-2048x1365.webp 2048w, https:\/\/www.aphyllanthe.fr\/association\/wp-content\/uploads\/2023\/08\/defile-couture-1320x880.webp 1320w\" sizes=\"auto, (max-width: 1024px) 100vw, 1024px\" \/><\/a><figcaption class=\"wp-element-caption\">Les cousettes et leur animatrice<\/figcaption><\/figure>\n<\/div>\n\n\n<p><strong>Fanny Biller<\/strong> a de multiples talents et est une professionnelle reconnue dans la r\u00e9gion :<\/p>\n\n\n\n<div class=\"wp-block-columns is-layout-flex wp-container-core-columns-is-layout-9d6595d7 wp-block-columns-is-layout-flex\">\n<div class=\"wp-block-column is-layout-flow wp-block-column-is-layout-flow\">\n<ul class=\"wp-block-list\">\n<li>Consultante Formatrice Ind\u00e9pendante<\/li>\n\n\n\n<li>M\u00e9tiers de la Mode et du V\u00eatement<\/li>\n\n\n\n<li>Professeur des Lyc\u00e9es Professionnels<\/li>\n\n\n\n<li>G\u00e9nie Industriel Textile et Cuirs<\/li>\n<\/ul>\n<\/div>\n\n\n\n<div class=\"wp-block-column is-layout-flow wp-block-column-is-layout-flow\">\n<figure class=\"wp-block-image size-full is-resized\"><a href=\"https:\/\/www.aphyllanthe.fr\/association\/wp-content\/uploads\/2023\/08\/FANNY-BILLER.webp\"><img loading=\"lazy\" decoding=\"async\" src=\"https:\/\/www.aphyllanthe.fr\/association\/wp-content\/uploads\/2023\/08\/FANNY-BILLER.webp\" alt=\"\" class=\"wp-image-19194\" style=\"width:146px;height:168px\" width=\"146\" height=\"168\"\/><\/a><figcaption class=\"wp-element-caption\">Fanny Biller<\/figcaption><\/figure>\n<\/div>\n<\/div>\n","protected":false},"excerpt":{"rendered":"<p>C&rsquo;est \u00e0 la rentr\u00e9e 2022 que l&rsquo;atelier couture du samedi matin s&rsquo;est mis en place. Ouvert \u00e0 tous, d\u00e9butants compris, il est plut\u00f4t d\u00e9di\u00e9 \u00e0 la confection de v\u00eatements ou d&rsquo;accessoires. Tout au long des 20 s\u00e9ances de la saison 2022-2023, les cousettes (pas de \u00ab\u00a0cousets\u00a0\u00bb pour cette premi\u00e8re \u00e9dition) ont patiemment cr\u00e9\u00e9 et r\u00e9alis\u00e9 &hellip; <a href=\"https:\/\/www.aphyllanthe.fr\/association\/couture-avec-fanny-biller\/\" class=\"more-link\">Continuer la lecture de <span class=\"screen-reader-text\">Couture avec Fanny Biller<\/span>  <span class=\"meta-nav\">&rarr;<\/span><\/a><\/p>\n","protected":false},"author":10,"featured_media":19188,"parent":0,"menu_order":0,"comment_status":"closed","ping_status":"closed","template":"","meta":{"footnotes":""},"class_list":["post-17127","page","type-page","status-publish","has-post-thumbnail","hentry"],"_links":{"self":[{"href":"https:\/\/www.aphyllanthe.fr\/association\/wp-json\/wp\/v2\/pages\/17127","targetHints":{"allow":["GET"]}}],"collection":[{"href":"https:\/\/www.aphyllanthe.fr\/association\/wp-json\/wp\/v2\/pages"}],"about":[{"href":"https:\/\/www.aphyllanthe.fr\/association\/wp-json\/wp\/v2\/types\/page"}],"author":[{"embeddable":true,"href":"https:\/\/www.aphyllanthe.fr\/association\/wp-json\/wp\/v2\/users\/10"}],"replies":[{"embeddable":true,"href":"https:\/\/www.aphyllanthe.fr\/association\/wp-json\/wp\/v2\/comments?post=17127"}],"version-history":[{"count":4,"href":"https:\/\/www.aphyllanthe.fr\/association\/wp-json\/wp\/v2\/pages\/17127\/revisions"}],"predecessor-version":[{"id":19196,"href":"https:\/\/www.aphyllanthe.fr\/association\/wp-json\/wp\/v2\/pages\/17127\/revisions\/19196"}],"wp:featuredmedia":[{"embeddable":true,"href":"https:\/\/www.aphyllanthe.fr\/association\/wp-json\/wp\/v2\/media\/19188"}],"wp:attachment":[{"href":"https:\/\/www.aphyllanthe.fr\/association\/wp-json\/wp\/v2\/media?parent=17127"}],"curies":[{"name":"wp","href":"https:\/\/api.w.org\/{rel}","templated":true}]}}

<p>C&rsquo;est à la rentrée 2022 que l&rsquo;atelier couture du samedi matin s&rsquo;est mis en place. Ouvert à tous, débutants compris, il est plutôt dédié à la confection de vêtements ou d&rsquo;accessoires.</p>



<p>Tout au long des 20 séances de la saison 2022-2023, les cousettes (pas de « cousets » pour cette première édition) ont patiemment créé et réalisé leurs modèles sur mesure. Elles ont eu ainsi suffisamment de matière pour pouvoir réaliser un défilé de leurs différentes réalisations au cours de la fête anniversaire des 20 ans de l&rsquo;association en juillet 2023.</p>


<div class="wp-block-image">
<figure class="aligncenter size-large"><a href="https://www.aphyllanthe.fr/association/wp-content/uploads/2023/08/defile-couture-scaled.webp"><img loading="lazy" decoding="async" width="1024" height="683" src="https://www.aphyllanthe.fr/association/wp-content/uploads/2023/08/defile-couture-1024x683.webp" alt="" class="wp-image-19195" srcset="https://www.aphyllanthe.fr/association/wp-content/uploads/2023/08/defile-couture-1024x683.webp 1024w, https://www.aphyllanthe.fr/association/wp-content/uploads/2023/08/defile-couture-300x200.webp 300w, https://www.aphyllanthe.fr/association/wp-content/uploads/2023/08/defile-couture-768x512.webp 768w, https://www.aphyllanthe.fr/association/wp-content/uploads/2023/08/defile-couture-1536x1024.webp 1536w, https://www.aphyllanthe.fr/association/wp-content/uploads/2023/08/defile-couture-2048x1365.webp 2048w, https://www.aphyllanthe.fr/association/wp-content/uploads/2023/08/defile-couture-1320x880.webp 1320w" sizes="auto, (max-width: 1024px) 100vw, 1024px" /></a><figcaption class="wp-element-caption">Les cousettes et leur animatrice</figcaption></figure>
</div>


<p><strong>Fanny Biller</strong> a de multiples talents et est une professionnelle reconnue dans la région :</p>



<div class="wp-block-columns is-layout-flex wp-container-core-columns-is-layout-9d6595d7 wp-block-columns-is-layout-flex">
<div class="wp-block-column is-layout-flow wp-block-column-is-layout-flow">
<ul class="wp-block-list">
<li>Consultante Formatrice Indépendante</li>



<li>Métiers de la Mode et du Vêtement</li>



<li>Professeur des Lycées Professionnels</li>



<li>Génie Industriel Textile et Cuirs</li>
</ul>
</div>



<div class="wp-block-column is-layout-flow wp-block-column-is-layout-flow">
<figure class="wp-block-image size-full is-resized"><a href="https://www.aphyllanthe.fr/association/wp-content/uploads/2023/08/FANNY-BILLER.webp"><img loading="lazy" decoding="async" src="https://www.aphyllanthe.fr/association/wp-content/uploads/2023/08/FANNY-BILLER.webp" alt="" class="wp-image-19194" style="width:146px;height:168px" width="146" height="168"/></a><figcaption class="wp-element-caption">Fanny Biller</figcaption></figure>
</div>
</div>

<p>C&rsquo;est à la rentrée 2022 que l&rsquo;atelier couture du samedi matin s&rsquo;est mis en place. Ouvert à tous, débutants compris, il est plutôt dédié à la confection de vêtements ou d&rsquo;accessoires. Tout au long des 20 séances de la saison 2022-2023, les cousettes (pas de « cousets » pour cette première édition) ont patiemment créé et réalisé &hellip; <a href="https://www.aphyllanthe.fr/association/couture-avec-fanny-biller/" class="more-link">Continuer la lecture de <span class="screen-reader-text">Couture avec Fanny Biller</span>  <span class="meta-nav">&rarr;</span></a></p>
