{"id":2420,"date":"2015-09-03T14:36:03","date_gmt":"2015-09-03T13:36:03","guid":{"rendered":"http:\/\/www.aphyllanthe.fr\/association\/?page_id=2420"},"modified":"2025-08-29T08:17:01","modified_gmt":"2025-08-29T07:17:01","slug":"infoslettres-archivees","status":"publish","type":"page","link":"https:\/\/www.aphyllanthe.fr\/association\/publications\/infoslettres-archivees\/","title":{"rendered":"Infolettres archiv\u00e9es"},"content":{"rendered":"<p>Nos infolettres archiv\u00e9es.<figure id=\"attachment_1910\" aria-describedby=\"caption-attachment-1910\" style=\"width: 150px\" class=\"wp-caption alignright\"><img loading=\"lazy\" decoding=\"async\" src=\"http:\/\/www.aphyllanthe.fr\/association\/wp-content\/uploads\/2015\/05\/IMG_0258-150x150.jpg\" alt=\"Dimanche au jardin\" width=\"150\" height=\"150\" class=\"size-thumbnail wp-image-1910\" \/><figcaption id=\"caption-attachment-1910\" class=\"wp-caption-text\">Dimanche au jardin<\/figcaption><\/figure><\/p>\n<ul class=\"mailpoet_archive\"><li><span class=\"mailpoet_archive_date\">13\/05\/2026<\/span>\n          <span class=\"mailpoet_archive_subject\"><a href=\"https:\/\/www.aphyllanthe.fr\/association?mailpoet_router&amp;endpoint=view_in_browser&amp;action=view&amp;data=WzM4MywiNzJkOTUzNWI0NDlmIiwwLDAsMzMzLDFd\" target=\"_blank\" title=\"Aper\u00e7u dans un nouvel onglet\">10 jours sans \u00e9crans, vraiment ?<\/a><\/span>\n        <\/li><li><span class=\"mailpoet_archive_date\">06\/05\/2026<\/span>\n          <span class=\"mailpoet_archive_subject\"><a href=\"https:\/\/www.aphyllanthe.fr\/association?mailpoet_router&amp;endpoint=view_in_browser&amp;action=view&amp;data=WzM4MiwiNzcyNDIzNTY0NjFjIiwwLDAsMzMyLDFd\" target=\"_blank\" title=\"Aper\u00e7u dans un nouvel onglet\">D\u00e9fi 10 jours sans \u00e9crans<\/a><\/span>\n        <\/li><li><span class=\"mailpoet_archive_date\">28\/04\/2026<\/span>\n          <span class=\"mailpoet_archive_subject\"><a href=\"https:\/\/www.aphyllanthe.fr\/association?mailpoet_router&amp;endpoint=view_in_browser&amp;action=view&amp;data=WzM4MSwiNDE4YjEzZmMyYjU2IiwwLDAsMzMxLDFd\" target=\"_blank\" title=\"Aper\u00e7u dans un nouvel onglet\">En pr\u00e9vision du joli mois<\/a><\/span>\n        <\/li><li><span class=\"mailpoet_archive_date\">17\/04\/2026<\/span>\n          <span class=\"mailpoet_archive_subject\"><a href=\"https:\/\/www.aphyllanthe.fr\/association?mailpoet_router&amp;endpoint=view_in_browser&amp;action=view&amp;data=WzM4MCwiZDc5ZmEyODQyMzQwIiwwLDAsMzMwLDFd\" target=\"_blank\" title=\"Aper\u00e7u dans un nouvel onglet\">Programme des vacances, et ce qui pr\u00e9c\u00e8de<\/a><\/span>\n        <\/li><li><span class=\"mailpoet_archive_date\">08\/04\/2026<\/span>\n          <span class=\"mailpoet_archive_subject\"><a href=\"https:\/\/www.aphyllanthe.fr\/association?mailpoet_router&amp;endpoint=view_in_browser&amp;action=view&amp;data=WzM3OSwiMGE2NzI5MzExZTZhIiwwLDAsMzI5LDFd\" target=\"_blank\" title=\"Aper\u00e7u dans un nouvel onglet\">La Lettre du printemps<\/a><\/span>\n        <\/li><li><span class=\"mailpoet_archive_date\">05\/04\/2026<\/span>\n          <span class=\"mailpoet_archive_subject\"><a href=\"https:\/\/www.aphyllanthe.fr\/association?mailpoet_router&amp;endpoint=view_in_browser&amp;action=view&amp;data=WzM3OCwiZTEwMThhNGRiMzYyIiwwLDAsMzI4LDFd\" target=\"_blank\" title=\"Aper\u00e7u dans un nouvel onglet\">D\u00e9but avril, on ne se d\u00e9couvre pas d&#039;un fil<\/a><\/span>\n        <\/li><li><span class=\"mailpoet_archive_date\">22\/03\/2026<\/span>\n          <span class=\"mailpoet_archive_subject\"><a href=\"https:\/\/www.aphyllanthe.fr\/association?mailpoet_router&amp;endpoint=view_in_browser&amp;action=view&amp;data=WzM3NywiYzcyNzFiMjZhYTlmIiwwLDAsMzI3LDFd\" target=\"_blank\" title=\"Aper\u00e7u dans un nouvel onglet\">Reportage sur les vacances et rappels<\/a><\/span>\n        <\/li><li><span class=\"mailpoet_archive_date\">16\/03\/2026<\/span>\n          <span class=\"mailpoet_archive_subject\"><a href=\"https:\/\/www.aphyllanthe.fr\/association?mailpoet_router&amp;endpoint=view_in_browser&amp;action=view&amp;data=WzM3NiwiODg0Y2FkMmE3YTc4IiwwLDAsMzI2LDFd\" target=\"_blank\" title=\"Aper\u00e7u dans un nouvel onglet\">Assembl\u00e9e g\u00e9n\u00e9rale de l&#039;Aphyllanthe<\/a><\/span>\n        <\/li><li><span class=\"mailpoet_archive_date\">12\/03\/2026<\/span>\n          <span class=\"mailpoet_archive_subject\"><a href=\"https:\/\/www.aphyllanthe.fr\/association?mailpoet_router&amp;endpoint=view_in_browser&amp;action=view&amp;data=WzM3NSwiNTA3MDEwYzFiNDE4IiwwLDAsMzI1LDFd\" target=\"_blank\" title=\"Aper\u00e7u dans un nouvel onglet\">Petites infos du mois de mars<\/a><\/span>\n        <\/li><li><span class=\"mailpoet_archive_date\">24\/02\/2026<\/span>\n          <span class=\"mailpoet_archive_subject\"><a href=\"https:\/\/www.aphyllanthe.fr\/association?mailpoet_router&amp;endpoint=view_in_browser&amp;action=view&amp;data=WzM3NCwiMjEyNDU5ZWRkMGRiIiwwLDAsMzI0LDFd\" target=\"_blank\" title=\"Aper\u00e7u dans un nouvel onglet\">Le mois de mars s&#039;annonce<\/a><\/span>\n        <\/li><li><span class=\"mailpoet_archive_date\">18\/02\/2026<\/span>\n          <span class=\"mailpoet_archive_subject\"><a href=\"https:\/\/www.aphyllanthe.fr\/association?mailpoet_router&amp;endpoint=view_in_browser&amp;action=view&amp;data=WzM3MywiMTE0MDllMTRhZWVmIiwwLDAsMzIzLDFd\" target=\"_blank\" title=\"Aper\u00e7u dans un nouvel onglet\">Le cin\u00e9 des vacances<\/a><\/span>\n        <\/li><li><span class=\"mailpoet_archive_date\">04\/02\/2026<\/span>\n          <span class=\"mailpoet_archive_subject\"><a href=\"https:\/\/www.aphyllanthe.fr\/association?mailpoet_router&amp;endpoint=view_in_browser&amp;action=view&amp;data=WzM3MSwiOTFjNDI3ZTQxN2EyIiwwLDAsMzIyLDFd\" target=\"_blank\" title=\"Aper\u00e7u dans un nouvel onglet\">Programme des vacances de f\u00e9vrier<\/a><\/span>\n        <\/li><li><span class=\"mailpoet_archive_date\">28\/01\/2026<\/span>\n          <span class=\"mailpoet_archive_subject\"><a href=\"https:\/\/www.aphyllanthe.fr\/association?mailpoet_router&amp;endpoint=view_in_browser&amp;action=view&amp;data=WzM3MCwiZTkyYzcyYzNlMjZkIiwwLDAsMzIxLDFd\" target=\"_blank\" title=\"Aper\u00e7u dans un nouvel onglet\">Derni\u00e8re minute<\/a><\/span>\n        <\/li><li><span class=\"mailpoet_archive_date\">21\/01\/2026<\/span>\n          <span class=\"mailpoet_archive_subject\"><a href=\"https:\/\/www.aphyllanthe.fr\/association?mailpoet_router&amp;endpoint=view_in_browser&amp;action=view&amp;data=WzM2OSwiYzc0NDBmMGFjMjcxIiwwLDAsMzIwLDFd\" target=\"_blank\" title=\"Aper\u00e7u dans un nouvel onglet\">Derni\u00e8re minute - modifi\u00e9 par erreur<\/a><\/span>\n        <\/li><li><span class=\"mailpoet_archive_date\">14\/01\/2026<\/span>\n          <span class=\"mailpoet_archive_subject\"><a href=\"https:\/\/www.aphyllanthe.fr\/association?mailpoet_router&amp;endpoint=view_in_browser&amp;action=view&amp;data=WzM2OCwiZmQ3MjljZTAzN2Y0IiwwLDAsMzE5LDFd\" target=\"_blank\" title=\"Aper\u00e7u dans un nouvel onglet\">Janvier poursuit son cours<\/a><\/span>\n        <\/li><li><span class=\"mailpoet_archive_date\">07\/01\/2026<\/span>\n          <span class=\"mailpoet_archive_subject\"><a href=\"https:\/\/www.aphyllanthe.fr\/association?mailpoet_router&amp;endpoint=view_in_browser&amp;action=view&amp;data=WzM2NywiNzE4OGVlOTgwM2UzIiwwLDAsMzE4LDFd\" target=\"_blank\" title=\"Aper\u00e7u dans un nouvel onglet\">Reprise des activit\u00e9s<\/a><\/span>\n        <\/li><li><span class=\"mailpoet_archive_date\">22\/12\/2025<\/span>\n          <span class=\"mailpoet_archive_subject\"><a href=\"https:\/\/www.aphyllanthe.fr\/association?mailpoet_router&amp;endpoint=view_in_browser&amp;action=view&amp;data=WzM2NiwiMDgwOTVmMjI4ZWMwIiwwLDAsMzE3LDFd\" target=\"_blank\" title=\"Aper\u00e7u dans un nouvel onglet\">Programme du cin\u00e9 des vacances<\/a><\/span>\n        <\/li><li><span class=\"mailpoet_archive_date\">19\/12\/2025<\/span>\n          <span class=\"mailpoet_archive_subject\"><a href=\"https:\/\/www.aphyllanthe.fr\/association?mailpoet_router&amp;endpoint=view_in_browser&amp;action=view&amp;data=WzM2NSwiNjNkMGQzYjA1MzY5IiwwLDAsMzE2LDFd\" target=\"_blank\" title=\"Aper\u00e7u dans un nouvel onglet\">Bon bout d&#039;an !<\/a><\/span>\n        <\/li><li><span class=\"mailpoet_archive_date\">11\/12\/2025<\/span>\n          <span class=\"mailpoet_archive_subject\"><a href=\"https:\/\/www.aphyllanthe.fr\/association?mailpoet_router&amp;endpoint=view_in_browser&amp;action=view&amp;data=WzM2NCwiYWRkNmY1Njg4NjZmIiwwLDAsMzE1LDFd\" target=\"_blank\" title=\"Aper\u00e7u dans un nouvel onglet\">Derniers et premiers rendez-vous de l&#039;ann\u00e9e<\/a><\/span>\n        <\/li><li><span class=\"mailpoet_archive_date\">08\/12\/2025<\/span>\n          <span class=\"mailpoet_archive_subject\"><a href=\"https:\/\/www.aphyllanthe.fr\/association?mailpoet_router&amp;endpoint=view_in_browser&amp;action=view&amp;data=WzM2MywiNmM1ZTUyOWE4ODBmIiwwLDAsMzE0LDFd\" target=\"_blank\" title=\"Aper\u00e7u dans un nouvel onglet\">No\u00ebl approche<\/a><\/span>\n        <\/li><li><span class=\"mailpoet_archive_date\">27\/11\/2025<\/span>\n          <span class=\"mailpoet_archive_subject\"><a href=\"https:\/\/www.aphyllanthe.fr\/association?mailpoet_router&amp;endpoint=view_in_browser&amp;action=view&amp;data=WzM2MiwiYjBiNTRiNzU2NmIxIiwwLDAsMzEzLDFd\" target=\"_blank\" title=\"Aper\u00e7u dans un nouvel onglet\">Les activit\u00e9s de d\u00e9cembre<\/a><\/span>\n        <\/li><li><span class=\"mailpoet_archive_date\">19\/11\/2025<\/span>\n          <span class=\"mailpoet_archive_subject\"><a href=\"https:\/\/www.aphyllanthe.fr\/association?mailpoet_router&amp;endpoint=view_in_browser&amp;action=view&amp;data=WzM2MSwiMzBmNDQwY2UwNWQxIiwwLDAsMzEyLDFd\" target=\"_blank\" title=\"Aper\u00e7u dans un nouvel onglet\">Si la m\u00e9t\u00e9o fra\u00eechit, les activit\u00e9s continuent<\/a><\/span>\n        <\/li><li><span class=\"mailpoet_archive_date\">10\/11\/2025<\/span>\n          <span class=\"mailpoet_archive_subject\"><a href=\"https:\/\/www.aphyllanthe.fr\/association?mailpoet_router&amp;endpoint=view_in_browser&amp;action=view&amp;data=WzM2MCwiOTI1NDA5Y2MxNmQxIiwwLDAsMzExLDFd\" target=\"_blank\" title=\"Aper\u00e7u dans un nouvel onglet\">On s&#039;avance dans novembre...<\/a><\/span>\n        <\/li><li><span class=\"mailpoet_archive_date\">04\/11\/2025<\/span>\n          <span class=\"mailpoet_archive_subject\"><a href=\"https:\/\/www.aphyllanthe.fr\/association?mailpoet_router&amp;endpoint=view_in_browser&amp;action=view&amp;data=WzM1OSwiOWMzZTY5MDg1NjFmIiwwLDAsMzEwLDFd\" target=\"_blank\" title=\"Aper\u00e7u dans un nouvel onglet\">Reportage des vacances de Toussaint<\/a><\/span>\n        <\/li><li><span class=\"mailpoet_archive_date\">21\/10\/2025<\/span>\n          <span class=\"mailpoet_archive_subject\"><a href=\"https:\/\/www.aphyllanthe.fr\/association?mailpoet_router&amp;endpoint=view_in_browser&amp;action=view&amp;data=WzM1OCwiMjliZDBlZjNkNzFhIiwwLDAsMzA5LDFd\" target=\"_blank\" title=\"Aper\u00e7u dans un nouvel onglet\">Les rendez-vous d&#039;apr\u00e8s les vacances<\/a><\/span>\n        <\/li><li><span class=\"mailpoet_archive_date\">15\/10\/2025<\/span>\n          <span class=\"mailpoet_archive_subject\"><a href=\"https:\/\/www.aphyllanthe.fr\/association?mailpoet_router&amp;endpoint=view_in_browser&amp;action=view&amp;data=WzM1NiwiM2FlNDI5YWU1MGQ3IiwwLDAsMzA4LDFd\" target=\"_blank\" title=\"Aper\u00e7u dans un nouvel onglet\">Programme du cin\u00e9ma des vacances<\/a><\/span>\n        <\/li><li><span class=\"mailpoet_archive_date\">13\/10\/2025<\/span>\n          <span class=\"mailpoet_archive_subject\"><a href=\"https:\/\/www.aphyllanthe.fr\/association?mailpoet_router&amp;endpoint=view_in_browser&amp;action=view&amp;data=WzM1NSwiNGRjZDNmNGU0MGYwIiwwLDAsMzA3LDFd\" target=\"_blank\" title=\"Aper\u00e7u dans un nouvel onglet\">Programme des vacances de Toussaint<\/a><\/span>\n        <\/li><li><span class=\"mailpoet_archive_date\">01\/10\/2025<\/span>\n          <span class=\"mailpoet_archive_subject\"><a href=\"https:\/\/www.aphyllanthe.fr\/association?mailpoet_router&amp;endpoint=view_in_browser&amp;action=view&amp;data=WzM1MywiMjc5OWExZWVmOGMxIiwwLDAsMzA2LDFd\" target=\"_blank\" title=\"Aper\u00e7u dans un nouvel onglet\">C\u00e9zanne au Jas de Bouffan - il reste des places<\/a><\/span>\n        <\/li><li><span class=\"mailpoet_archive_date\">24\/09\/2025<\/span>\n          <span class=\"mailpoet_archive_subject\"><a href=\"https:\/\/www.aphyllanthe.fr\/association?mailpoet_router&amp;endpoint=view_in_browser&amp;action=view&amp;data=WzM1MiwiOGQ4OGM0Mzc5ZWJkIiwwLDAsMzA1LDFd\" target=\"_blank\" title=\"Aper\u00e7u dans un nouvel onglet\">Balade en famille et autres activit\u00e9s<\/a><\/span>\n        <\/li><li><span class=\"mailpoet_archive_date\">18\/09\/2025<\/span>\n          <span class=\"mailpoet_archive_subject\"><a href=\"https:\/\/www.aphyllanthe.fr\/association?mailpoet_router&amp;endpoint=view_in_browser&amp;action=view&amp;data=WzM1MSwiZDEwMjIxMGY1OWU3IiwwLDAsMzA0LDFd\" target=\"_blank\" title=\"Aper\u00e7u dans un nouvel onglet\">Report balade familliale du 21 sept.<\/a><\/span>\n        <\/li><\/ul>\n","protected":false},"excerpt":{"rendered":"<p>Nos infolettres archiv\u00e9es.<\/p>\n","protected":false},"author":1,"featured_media":0,"parent":386,"menu_order":10,"comment_status":"closed","ping_status":"closed","template":"","meta":{"footnotes":""},"class_list":["post-2420","page","type-page","status-publish","hentry"],"_links":{"self":[{"href":"https:\/\/www.aphyllanthe.fr\/association\/wp-json\/wp\/v2\/pages\/2420","targetHints":{"allow":["GET"]}}],"collection":[{"href":"https:\/\/www.aphyllanthe.fr\/association\/wp-json\/wp\/v2\/pages"}],"about":[{"href":"https:\/\/www.aphyllanthe.fr\/association\/wp-json\/wp\/v2\/types\/page"}],"author":[{"embeddable":true,"href":"https:\/\/www.aphyllanthe.fr\/association\/wp-json\/wp\/v2\/users\/1"}],"replies":[{"embeddable":true,"href":"https:\/\/www.aphyllanthe.fr\/association\/wp-json\/wp\/v2\/comments?post=2420"}],"version-history":[{"count":1,"href":"https:\/\/www.aphyllanthe.fr\/association\/wp-json\/wp\/v2\/pages\/2420\/revisions"}],"predecessor-version":[{"id":25135,"href":"https:\/\/www.aphyllanthe.fr\/association\/wp-json\/wp\/v2\/pages\/2420\/revisions\/25135"}],"up":[{"embeddable":true,"href":"https:\/\/www.aphyllanthe.fr\/association\/wp-json\/wp\/v2\/pages\/386"}],"wp:attachment":[{"href":"https:\/\/www.aphyllanthe.fr\/association\/wp-json\/wp\/v2\/media?parent=2420"}],"curies":[{"name":"wp","href":"https:\/\/api.w.org\/{rel}","templated":true}]}}