{"id":25117,"date":"2025-09-01T10:17:41","date_gmt":"2025-09-01T09:17:41","guid":{"rendered":"https:\/\/www.aphyllanthe.fr\/association\/?page_id=25117"},"modified":"2026-02-04T14:10:51","modified_gmt":"2026-02-04T13:10:51","slug":"rumba-gitane-avec-anais-bayle","status":"publish","type":"page","link":"https:\/\/www.aphyllanthe.fr\/association\/rumba-gitane-avec-anais-bayle\/","title":{"rendered":"Rumba Gitane et flamenco avec Ana\u00efs Bayle"},"content":{"rendered":"\n<p>Le flamenco a e\u0301te\u0301 une ve\u0301ritable re\u0301ve\u0301lation pour Ana\u00efs de\u0300s l\u2019a\u0302ge de 10 ans \u2014 une passion qui ne l\u2019a jamais quitte\u0301e !<br \/>Elle se forme d\u2019abord aupre\u0300s d\u2019Eva Luisa et Yurentz Bermudez en France, avant de suivre les pas de grands mai\u0302tres en Espagne : Patricia Guerrero, Manuel Lin\u0303a\u0301n, Jose\u0301 Maya, Roci\u0301o Molina.<br \/>En 2016, elle de\u0301croche le 1er prix du Concours Flamenco de Valence.<\/p>\n\n\n\n<p>Aujourd\u2019hui, Anai\u0308s danse sur les sce\u0300nes de nombreux festivals (N\u00eemes, Uz\u00e8s, B\u00e9ziers\u2026) et transmet sa passion a\u0300 travers des cours et stages a\u0300 Ni\u0302mes, sa ville natale, et dans la re\u0301gion.<\/p>\n\n\n\n<p>Son style est un hommage vibrant a\u0300 la tradition flamenca, teinte\u0301 d\u2019une touche contemporaine \u2014 e\u0301le\u0301gant, sensuel et empreint de caracte\u0300re.<\/p>\n\n\n\n<p>Son enseignement est bas\u00e9 sur l&rsquo;apprentissage d&rsquo;une chor\u00e9graphie tout en laissant \u00e0 chacun sa libert\u00e9 d&rsquo;expression propre.<br \/>Les s\u00e9ances commencent en douceur avec des \u00e9tirements et se terminent dans le calme avec des exercices de relaxation. Dans les cours d&rsquo;enfants, une adaptation est faite avec des touches ludiques.<\/p>\n\n\n\n<p>Ana\u00efs anime des cours r\u00e9guliers de flamenco et rumba gitane pour adultes et enfants d\u00e8s 5 ans, mais \u00e9galement des stages ado \/adultes.<\/p>\n\n\n\n<h5 class=\"wp-block-heading has-text-align-center\">Dates des ateliers ados \/adultes<br \/>saison 2025-2026<\/h5>\n\n\n<div class=\"wp-block-image\">\n<figure class=\"aligncenter size-large is-resized\"><a href=\"https:\/\/www.aphyllanthe.fr\/association\/wp-content\/uploads\/2026\/02\/Rumba-gitane-et-flamenco.webp\"><img loading=\"lazy\" decoding=\"async\" width=\"724\" height=\"1024\" src=\"https:\/\/www.aphyllanthe.fr\/association\/wp-content\/uploads\/2026\/02\/Rumba-gitane-et-flamenco-724x1024.webp\" alt=\"\" class=\"wp-image-26039\" style=\"width:344px;height:auto\" srcset=\"https:\/\/www.aphyllanthe.fr\/association\/wp-content\/uploads\/2026\/02\/Rumba-gitane-et-flamenco-724x1024.webp 724w, https:\/\/www.aphyllanthe.fr\/association\/wp-content\/uploads\/2026\/02\/Rumba-gitane-et-flamenco-212x300.webp 212w, https:\/\/www.aphyllanthe.fr\/association\/wp-content\/uploads\/2026\/02\/Rumba-gitane-et-flamenco-768x1086.webp 768w, https:\/\/www.aphyllanthe.fr\/association\/wp-content\/uploads\/2026\/02\/Rumba-gitane-et-flamenco-1086x1536.webp 1086w, https:\/\/www.aphyllanthe.fr\/association\/wp-content\/uploads\/2026\/02\/Rumba-gitane-et-flamenco-1320x1867.webp 1320w, https:\/\/www.aphyllanthe.fr\/association\/wp-content\/uploads\/2026\/02\/Rumba-gitane-et-flamenco.webp 1414w\" sizes=\"auto, (max-width: 724px) 100vw, 724px\" \/><\/a><\/figure>\n<\/div>\n\n\n<p><em>Cr\u00e9dit photo : Marie Lou Soler<\/em><\/p>\n","protected":false},"excerpt":{"rendered":"<p>Le flamenco a e\u0301te\u0301 une ve\u0301ritable re\u0301ve\u0301lation pour Ana\u00efs de\u0300s l\u2019a\u0302ge de 10 ans \u2014 une passion qui ne l\u2019a jamais quitte\u0301e !Elle se forme d\u2019abord aupre\u0300s d\u2019Eva Luisa et Yurentz Bermudez en France, avant de suivre les pas de grands mai\u0302tres en Espagne : Patricia Guerrero, Manuel Lin\u0303a\u0301n, Jose\u0301 Maya, Roci\u0301o Molina.En 2016, elle &hellip; <a href=\"https:\/\/www.aphyllanthe.fr\/association\/rumba-gitane-avec-anais-bayle\/\" class=\"more-link\">Continuer la lecture de <span class=\"screen-reader-text\">Rumba Gitane et flamenco avec Ana\u00efs Bayle<\/span>  <span class=\"meta-nav\">&rarr;<\/span><\/a><\/p>\n","protected":false},"author":10,"featured_media":25121,"parent":0,"menu_order":0,"comment_status":"closed","ping_status":"closed","template":"","meta":{"footnotes":""},"class_list":["post-25117","page","type-page","status-publish","has-post-thumbnail","hentry"],"_links":{"self":[{"href":"https:\/\/www.aphyllanthe.fr\/association\/wp-json\/wp\/v2\/pages\/25117","targetHints":{"allow":["GET"]}}],"collection":[{"href":"https:\/\/www.aphyllanthe.fr\/association\/wp-json\/wp\/v2\/pages"}],"about":[{"href":"https:\/\/www.aphyllanthe.fr\/association\/wp-json\/wp\/v2\/types\/page"}],"author":[{"embeddable":true,"href":"https:\/\/www.aphyllanthe.fr\/association\/wp-json\/wp\/v2\/users\/10"}],"replies":[{"embeddable":true,"href":"https:\/\/www.aphyllanthe.fr\/association\/wp-json\/wp\/v2\/comments?post=25117"}],"version-history":[{"count":20,"href":"https:\/\/www.aphyllanthe.fr\/association\/wp-json\/wp\/v2\/pages\/25117\/revisions"}],"predecessor-version":[{"id":26040,"href":"https:\/\/www.aphyllanthe.fr\/association\/wp-json\/wp\/v2\/pages\/25117\/revisions\/26040"}],"wp:featuredmedia":[{"embeddable":true,"href":"https:\/\/www.aphyllanthe.fr\/association\/wp-json\/wp\/v2\/media\/25121"}],"wp:attachment":[{"href":"https:\/\/www.aphyllanthe.fr\/association\/wp-json\/wp\/v2\/media?parent=25117"}],"curies":[{"name":"wp","href":"https:\/\/api.w.org\/{rel}","templated":true}]}}

Rumba Gitane et flamenco avec Anaïs Bayle

<p>Le flamenco a été une véritable révélation pour Anaïs dès l’âge de 10 ans — une passion qui ne l’a jamais quittée !<br />Elle se forme d’abord auprès d’Eva Luisa et Yurentz Bermudez en France, avant de suivre les pas de grands maîtres en Espagne : Patricia Guerrero, Manuel Liñán, José Maya, Rocío Molina.<br />En 2016, elle décroche le 1er prix du Concours Flamenco de Valence.</p>



<p>Aujourd’hui, Anaïs danse sur les scènes de nombreux festivals (Nîmes, Uzès, Béziers…) et transmet sa passion à travers des cours et stages à Nîmes, sa ville natale, et dans la région.</p>



<p>Son style est un hommage vibrant à la tradition flamenca, teinté d’une touche contemporaine — élégant, sensuel et empreint de caractère.</p>



<p>Son enseignement est basé sur l&rsquo;apprentissage d&rsquo;une chorégraphie tout en laissant à chacun sa liberté d&rsquo;expression propre.<br />Les séances commencent en douceur avec des étirements et se terminent dans le calme avec des exercices de relaxation. Dans les cours d&rsquo;enfants, une adaptation est faite avec des touches ludiques.</p>



<p>Anaïs anime des cours réguliers de flamenco et rumba gitane pour adultes et enfants dès 5 ans, mais également des stages ado /adultes.</p>



<h5 class="wp-block-heading has-text-align-center">Dates des ateliers ados /adultes<br />saison 2025-2026</h5>


<div class="wp-block-image">
<figure class="aligncenter size-large is-resized"><a href="https://www.aphyllanthe.fr/association/wp-content/uploads/2026/02/Rumba-gitane-et-flamenco.webp"><img loading="lazy" decoding="async" width="724" height="1024" src="https://www.aphyllanthe.fr/association/wp-content/uploads/2026/02/Rumba-gitane-et-flamenco-724x1024.webp" alt="" class="wp-image-26039" style="width:344px;height:auto" srcset="https://www.aphyllanthe.fr/association/wp-content/uploads/2026/02/Rumba-gitane-et-flamenco-724x1024.webp 724w, https://www.aphyllanthe.fr/association/wp-content/uploads/2026/02/Rumba-gitane-et-flamenco-212x300.webp 212w, https://www.aphyllanthe.fr/association/wp-content/uploads/2026/02/Rumba-gitane-et-flamenco-768x1086.webp 768w, https://www.aphyllanthe.fr/association/wp-content/uploads/2026/02/Rumba-gitane-et-flamenco-1086x1536.webp 1086w, https://www.aphyllanthe.fr/association/wp-content/uploads/2026/02/Rumba-gitane-et-flamenco-1320x1867.webp 1320w, https://www.aphyllanthe.fr/association/wp-content/uploads/2026/02/Rumba-gitane-et-flamenco.webp 1414w" sizes="auto, (max-width: 724px) 100vw, 724px" /></a></figure>
</div>


<p><em>Crédit photo : Marie Lou Soler</em></p>

<p>Le flamenco a été une véritable révélation pour Anaïs dès l’âge de 10 ans — une passion qui ne l’a jamais quittée !Elle se forme d’abord auprès d’Eva Luisa et Yurentz Bermudez en France, avant de suivre les pas de grands maîtres en Espagne : Patricia Guerrero, Manuel Liñán, José Maya, Rocío Molina.En 2016, elle &hellip; <a href="https://www.aphyllanthe.fr/association/rumba-gitane-avec-anais-bayle/" class="more-link">Continuer la lecture de <span class="screen-reader-text">Rumba Gitane et flamenco avec Anaïs Bayle</span>  <span class="meta-nav">&rarr;</span></a></p>
