{"id":384,"date":"2014-12-10T17:05:24","date_gmt":"2014-12-10T17:05:24","guid":{"rendered":"http:\/\/www.aphyllanthe.fr\/association\/?page_id=384"},"modified":"2023-01-16T11:45:32","modified_gmt":"2023-01-16T10:45:32","slug":"bibliotheque","status":"publish","type":"page","link":"https:\/\/www.aphyllanthe.fr\/association\/bibliotheque\/","title":{"rendered":"Biblioth\u00e8que"},"content":{"rendered":"<p><strong>Introduction<\/strong><br \/>\n<img loading=\"lazy\" decoding=\"async\" class=\"size-large wp-image-255\" src=\"http:\/\/www.aphyllanthe.fr\/association\/wp-content\/uploads\/2014\/12\/shelf-1024x161.jpg\" alt=\"Etag\u00e8re\" width=\"474\" height=\"74\" \/><\/p>\n<p><a name=\"conditionsdvd\"><\/a>L&rsquo;Association a sign\u00e9 une convention de gestion de la biblioth\u00e8que communale d&rsquo;Aigaliers et cette biblioth\u00e8que, situ\u00e9e dans le b\u00e2timent de la mairie, est ouverte \u00e0 tous sans cotisation. La collection inclut environ 3000 ouvrages adultes et enfants. Gr\u00e2ce \u00e0 l&rsquo;aide de la commune d&rsquo;Aigaliers, nous faisons l&rsquo;acquisition d&rsquo;une cinquantaine de nouveaut\u00e9s et parutions r\u00e9centes tous les ans. Nous accueillons r\u00e9guli\u00e8rement le bibliobus du Gard pour effectuer une rotation d&rsquo;environ 300 livres.<\/p>\n<p><strong>Consulter et emprunter<\/strong><\/p>\n<p><img loading=\"lazy\" decoding=\"async\" class=\"aligncenter size-full wp-image-9652\" src=\"https:\/\/www.aphyllanthe.fr\/association\/wp-content\/uploads\/2019\/04\/bib-en-reseau.jpg\" alt=\"\" width=\"1501\" height=\"357\" srcset=\"https:\/\/www.aphyllanthe.fr\/association\/wp-content\/uploads\/2019\/04\/bib-en-reseau.jpg 1501w, https:\/\/www.aphyllanthe.fr\/association\/wp-content\/uploads\/2019\/04\/bib-en-reseau-300x71.jpg 300w, https:\/\/www.aphyllanthe.fr\/association\/wp-content\/uploads\/2019\/04\/bib-en-reseau-768x183.jpg 768w, https:\/\/www.aphyllanthe.fr\/association\/wp-content\/uploads\/2019\/04\/bib-en-reseau-1024x244.jpg 1024w, https:\/\/www.aphyllanthe.fr\/association\/wp-content\/uploads\/2019\/04\/bib-en-reseau-600x143.jpg 600w, https:\/\/www.aphyllanthe.fr\/association\/wp-content\/uploads\/2019\/04\/bib-en-reseau-1320x314.jpg 1320w\" sizes=\"auto, (max-width: 1501px) 100vw, 1501px\" \/>La biblioth\u00e8que d&rsquo;Aigaliers fait partie du r\u00e9seau des biblioth\u00e8ques de la Communaut\u00e9 des Communes du pays d&rsquo;Uz\u00e8s. Vous pouvez chercher des documents et r\u00e9server vous emprunts(et bien plus) en ligne. Pour chercher un livre ou un texte, (\u00e0 Aigaliers ou ailleurs dans le r\u00e9seau des biblioth\u00e8ques) il suffit de se rendre sur le lien ci-apr\u00e8s.<\/p>\n<p><a href=\"https:\/\/ccpaysduzes.bibenligne.fr\/\" target=\"_blank\" rel=\"noopener noreferrer\">https:\/\/ccpaysduzes.bibenligne.fr\/ <\/a><br \/>\n<a href=\"https:\/\/www.facebook.com\/R%C3%A9seau-des-biblioth%C3%A8ques-Pays-dUz%C3%A8s-2141275605993163\/\" target=\"_blank\" rel=\"noopener noreferrer\">Page Facebook <\/a><\/p>\n<p>En tapant votre mot-cl\u00e9, le syst\u00e8me vous pr\u00e9sente toutes les r\u00e9f\u00e9rences pertinentes et vous indique dans quelle biblioth\u00e8que se trouve le document. Chercher un document via le lien ci-dessus est gratuit. Cependant, pour emprunter un document, il faut demander votre carte de lecteur\/lectrice, laquelle carte est gratuite et valable dans tout le r\u00e9seau. Vous pouvez faire faire la votre en vous pr\u00e9sentant \u00e0 la biblioth\u00e8que d&rsquo;Aigaliers aux heures d&rsquo;ouverture.<\/p>\n<p>Vous trouverez d\u2019informations suppl\u00e9mentaires sur le r\u00e9seau des biblioth\u00e8ques sur <a href=\"https:\/\/www.ccpaysduzes.fr\/culture\/reseau-des-bibliotheques.html\" target=\"_blank\" rel=\"noopener noreferrer\">ce lien<\/a>.<\/p>\n<p><strong>La Navette<\/strong><\/p>\n<p><img loading=\"lazy\" decoding=\"async\" class=\"aligncenter size-full wp-image-11404\" src=\"https:\/\/www.aphyllanthe.fr\/association\/wp-content\/uploads\/2020\/01\/navette-bib-en-reseau.jpg\" alt=\"\" width=\"2341\" height=\"588\" srcset=\"https:\/\/www.aphyllanthe.fr\/association\/wp-content\/uploads\/2020\/01\/navette-bib-en-reseau.jpg 2341w, https:\/\/www.aphyllanthe.fr\/association\/wp-content\/uploads\/2020\/01\/navette-bib-en-reseau-300x75.jpg 300w, https:\/\/www.aphyllanthe.fr\/association\/wp-content\/uploads\/2020\/01\/navette-bib-en-reseau-1024x257.jpg 1024w, https:\/\/www.aphyllanthe.fr\/association\/wp-content\/uploads\/2020\/01\/navette-bib-en-reseau-768x193.jpg 768w, https:\/\/www.aphyllanthe.fr\/association\/wp-content\/uploads\/2020\/01\/navette-bib-en-reseau-1536x386.jpg 1536w, https:\/\/www.aphyllanthe.fr\/association\/wp-content\/uploads\/2020\/01\/navette-bib-en-reseau-2048x514.jpg 2048w, https:\/\/www.aphyllanthe.fr\/association\/wp-content\/uploads\/2020\/01\/navette-bib-en-reseau-1320x332.jpg 1320w\" sizes=\"auto, (max-width: 2341px) 100vw, 2341px\" \/>Depuis d\u00e9cembre 2019, la navette entre les biblioth\u00e8ques du r\u00e9seau est op\u00e9rationnelle. Elle vous permet d&#8217;emprunter et\/ou de rendre vos documents dans n&rsquo;importe quelle biblioth\u00e8que du r\u00e9seau.<\/p>\n<p><em>Envie d&rsquo;un document ?<\/em> R\u00e9servez-le sur le <a href=\"https:\/\/www.mediatheques.ccpaysduzes.fr\/page\/navette\" target=\"_blank\" rel=\"noopener noreferrer\">portail<\/a> du r\u00e9seau des biblioth\u00e8ques, indiquez dans quelle biblioth\u00e8que vous souhaitez le retirer et les biblioth\u00e9caires feront le reste. Une fois le document livr\u00e9 par la navette, un mail vous avertira de sa disponibilit\u00e9 et vous n&rsquo;aurez plus qu&rsquo;\u00e0 venir le chercher.<\/p>\n<p><em>Vous avez emprunt\u00e9 des documents dans plusieurs biblioth\u00e8ques du r\u00e9seau ?<\/em> Si vous le souhaitez, vous pouvez tout rendre dans la biblioth\u00e8que de votre choix. Les documents repartiront dans leur biblioth\u00e8que d&rsquo;origine en empruntant la navette.<\/p>\n<p><a name=\"horaire\"><\/a><strong>Conditions de pr\u00eat DVD<\/strong><\/p>\n<p>Avec l&rsquo;aide de la Direction du Livre et de la Lecture du Gard, nous faisons le pr\u00eat de DVD pour les usagers de la biblioth\u00e8que contre un ch\u00e8que de caution de 60 \u20ac (co\u00fbt du DVD incluant les droits de pr\u00eat). Renouvellement des titres tous les 3 \u00e0 4 mois.<\/p>\n<figure id=\"attachment_254\" aria-describedby=\"caption-attachment-254\" style=\"width: 150px\" class=\"wp-caption alignright\"><img loading=\"lazy\" decoding=\"async\" class=\"size-thumbnail wp-image-254\" src=\"http:\/\/www.aphyllanthe.fr\/association\/wp-content\/uploads\/2014\/12\/a-sept-bib-livre-150x150.jpg\" alt=\"Livres pour enfants\" width=\"150\" height=\"150\" \/><figcaption id=\"caption-attachment-254\" class=\"wp-caption-text\">Livres pour enfants<\/figcaption><\/figure>\n<p><strong>Rencontres litt\u00e9raires<\/strong><\/p>\n<p>Une rencontre mensuelle de lectrices et lecteurs, qui se tient tous les premiers lundis du mois, est l&rsquo;occasion pour de vives discussions autour des nouveaut\u00e9s de la sc\u00e8ne litt\u00e9raire fran\u00e7aise et \u00e9trang\u00e8re.<\/p>\n<p><strong>Horaire de la biblioth\u00e8que<\/strong><\/p>\n<p>Mercredi 9h-12h et 14h-18h<br \/>\nJeudi 9h-12h15<br \/>\nVendredi 9h-12h<\/p>\n","protected":false},"excerpt":{"rendered":"<p>Introduction L&rsquo;Association a sign\u00e9 une convention de gestion de la biblioth\u00e8que communale d&rsquo;Aigaliers et cette biblioth\u00e8que, situ\u00e9e dans le b\u00e2timent de la mairie, est ouverte \u00e0 tous sans cotisation. La collection inclut environ 3000 ouvrages adultes et enfants. Gr\u00e2ce \u00e0 l&rsquo;aide de la commune d&rsquo;Aigaliers, nous faisons l&rsquo;acquisition d&rsquo;une cinquantaine de nouveaut\u00e9s et parutions r\u00e9centes &hellip; <a href=\"https:\/\/www.aphyllanthe.fr\/association\/bibliotheque\/\" class=\"more-link\">Continuer la lecture de <span class=\"screen-reader-text\">Biblioth\u00e8que<\/span>  <span class=\"meta-nav\">&rarr;<\/span><\/a><\/p>\n","protected":false},"author":1,"featured_media":624,"parent":0,"menu_order":50,"comment_status":"closed","ping_status":"closed","template":"","meta":{"footnotes":""},"class_list":["post-384","page","type-page","status-publish","has-post-thumbnail","hentry"],"_links":{"self":[{"href":"https:\/\/www.aphyllanthe.fr\/association\/wp-json\/wp\/v2\/pages\/384","targetHints":{"allow":["GET"]}}],"collection":[{"href":"https:\/\/www.aphyllanthe.fr\/association\/wp-json\/wp\/v2\/pages"}],"about":[{"href":"https:\/\/www.aphyllanthe.fr\/association\/wp-json\/wp\/v2\/types\/page"}],"author":[{"embeddable":true,"href":"https:\/\/www.aphyllanthe.fr\/association\/wp-json\/wp\/v2\/users\/1"}],"replies":[{"embeddable":true,"href":"https:\/\/www.aphyllanthe.fr\/association\/wp-json\/wp\/v2\/comments?post=384"}],"version-history":[{"count":3,"href":"https:\/\/www.aphyllanthe.fr\/association\/wp-json\/wp\/v2\/pages\/384\/revisions"}],"predecessor-version":[{"id":17996,"href":"https:\/\/www.aphyllanthe.fr\/association\/wp-json\/wp\/v2\/pages\/384\/revisions\/17996"}],"wp:featuredmedia":[{"embeddable":true,"href":"https:\/\/www.aphyllanthe.fr\/association\/wp-json\/wp\/v2\/media\/624"}],"wp:attachment":[{"href":"https:\/\/www.aphyllanthe.fr\/association\/wp-json\/wp\/v2\/media?parent=384"}],"curies":[{"name":"wp","href":"https:\/\/api.w.org\/{rel}","templated":true}]}}

Bibliothèque

<p><strong>Introduction</strong><br />
<img loading="lazy" decoding="async" class="size-large wp-image-255" src="http://www.aphyllanthe.fr/association/wp-content/uploads/2014/12/shelf-1024x161.jpg" alt="Etagère" width="474" height="74" /></p>
<p><a name="conditionsdvd"></a>L&rsquo;Association a signé une convention de gestion de la bibliothèque communale d&rsquo;Aigaliers et cette bibliothèque, située dans le bâtiment de la mairie, est ouverte à tous sans cotisation. La collection inclut environ 3000 ouvrages adultes et enfants. Grâce à l&rsquo;aide de la commune d&rsquo;Aigaliers, nous faisons l&rsquo;acquisition d&rsquo;une cinquantaine de nouveautés et parutions récentes tous les ans. Nous accueillons régulièrement le bibliobus du Gard pour effectuer une rotation d&rsquo;environ 300 livres.</p>
<p><strong>Consulter et emprunter</strong></p>
<p><img loading="lazy" decoding="async" class="aligncenter size-full wp-image-9652" src="https://www.aphyllanthe.fr/association/wp-content/uploads/2019/04/bib-en-reseau.jpg" alt="" width="1501" height="357" srcset="https://www.aphyllanthe.fr/association/wp-content/uploads/2019/04/bib-en-reseau.jpg 1501w, https://www.aphyllanthe.fr/association/wp-content/uploads/2019/04/bib-en-reseau-300x71.jpg 300w, https://www.aphyllanthe.fr/association/wp-content/uploads/2019/04/bib-en-reseau-768x183.jpg 768w, https://www.aphyllanthe.fr/association/wp-content/uploads/2019/04/bib-en-reseau-1024x244.jpg 1024w, https://www.aphyllanthe.fr/association/wp-content/uploads/2019/04/bib-en-reseau-600x143.jpg 600w, https://www.aphyllanthe.fr/association/wp-content/uploads/2019/04/bib-en-reseau-1320x314.jpg 1320w" sizes="auto, (max-width: 1501px) 100vw, 1501px" />La bibliothèque d&rsquo;Aigaliers fait partie du réseau des bibliothèques de la Communauté des Communes du pays d&rsquo;Uzès. Vous pouvez chercher des documents et réserver vous emprunts(et bien plus) en ligne. Pour chercher un livre ou un texte, (à Aigaliers ou ailleurs dans le réseau des bibliothèques) il suffit de se rendre sur le lien ci-après.</p>
<p><a href="https://ccpaysduzes.bibenligne.fr/" target="_blank" rel="noopener noreferrer">https://ccpaysduzes.bibenligne.fr/ </a><br />
<a href="https://www.facebook.com/R%C3%A9seau-des-biblioth%C3%A8ques-Pays-dUz%C3%A8s-2141275605993163/" target="_blank" rel="noopener noreferrer">Page Facebook </a></p>
<p>En tapant votre mot-clé, le système vous présente toutes les références pertinentes et vous indique dans quelle bibliothèque se trouve le document. Chercher un document via le lien ci-dessus est gratuit. Cependant, pour emprunter un document, il faut demander votre carte de lecteur/lectrice, laquelle carte est gratuite et valable dans tout le réseau. Vous pouvez faire faire la votre en vous présentant à la bibliothèque d&rsquo;Aigaliers aux heures d&rsquo;ouverture.</p>
<p>Vous trouverez d’informations supplémentaires sur le réseau des bibliothèques sur <a href="https://www.ccpaysduzes.fr/culture/reseau-des-bibliotheques.html" target="_blank" rel="noopener noreferrer">ce lien</a>.</p>
<p><strong>La Navette</strong></p>
<p><img loading="lazy" decoding="async" class="aligncenter size-full wp-image-11404" src="https://www.aphyllanthe.fr/association/wp-content/uploads/2020/01/navette-bib-en-reseau.jpg" alt="" width="2341" height="588" srcset="https://www.aphyllanthe.fr/association/wp-content/uploads/2020/01/navette-bib-en-reseau.jpg 2341w, https://www.aphyllanthe.fr/association/wp-content/uploads/2020/01/navette-bib-en-reseau-300x75.jpg 300w, https://www.aphyllanthe.fr/association/wp-content/uploads/2020/01/navette-bib-en-reseau-1024x257.jpg 1024w, https://www.aphyllanthe.fr/association/wp-content/uploads/2020/01/navette-bib-en-reseau-768x193.jpg 768w, https://www.aphyllanthe.fr/association/wp-content/uploads/2020/01/navette-bib-en-reseau-1536x386.jpg 1536w, https://www.aphyllanthe.fr/association/wp-content/uploads/2020/01/navette-bib-en-reseau-2048x514.jpg 2048w, https://www.aphyllanthe.fr/association/wp-content/uploads/2020/01/navette-bib-en-reseau-1320x332.jpg 1320w" sizes="auto, (max-width: 2341px) 100vw, 2341px" />Depuis décembre 2019, la navette entre les bibliothèques du réseau est opérationnelle. Elle vous permet d&#8217;emprunter et/ou de rendre vos documents dans n&rsquo;importe quelle bibliothèque du réseau.</p>
<p><em>Envie d&rsquo;un document ?</em> Réservez-le sur le <a href="https://www.mediatheques.ccpaysduzes.fr/page/navette" target="_blank" rel="noopener noreferrer">portail</a> du réseau des bibliothèques, indiquez dans quelle bibliothèque vous souhaitez le retirer et les bibliothécaires feront le reste. Une fois le document livré par la navette, un mail vous avertira de sa disponibilité et vous n&rsquo;aurez plus qu&rsquo;à venir le chercher.</p>
<p><em>Vous avez emprunté des documents dans plusieurs bibliothèques du réseau ?</em> Si vous le souhaitez, vous pouvez tout rendre dans la bibliothèque de votre choix. Les documents repartiront dans leur bibliothèque d&rsquo;origine en empruntant la navette.</p>
<p><a name="horaire"></a><strong>Conditions de prêt DVD</strong></p>
<p>Avec l&rsquo;aide de la Direction du Livre et de la Lecture du Gard, nous faisons le prêt de DVD pour les usagers de la bibliothèque contre un chèque de caution de 60 € (coût du DVD incluant les droits de prêt). Renouvellement des titres tous les 3 à 4 mois.</p>
<figure id="attachment_254" aria-describedby="caption-attachment-254" style="width: 150px" class="wp-caption alignright"><img loading="lazy" decoding="async" class="size-thumbnail wp-image-254" src="http://www.aphyllanthe.fr/association/wp-content/uploads/2014/12/a-sept-bib-livre-150x150.jpg" alt="Livres pour enfants" width="150" height="150" /><figcaption id="caption-attachment-254" class="wp-caption-text">Livres pour enfants</figcaption></figure>
<p><strong>Rencontres littéraires</strong></p>
<p>Une rencontre mensuelle de lectrices et lecteurs, qui se tient tous les premiers lundis du mois, est l&rsquo;occasion pour de vives discussions autour des nouveautés de la scène littéraire française et étrangère.</p>
<p><strong>Horaire de la bibliothèque</strong></p>
<p>Mercredi 9h-12h et 14h-18h<br />
Jeudi 9h-12h15<br />
Vendredi 9h-12h</p>

<p>Introduction L&rsquo;Association a signé une convention de gestion de la bibliothèque communale d&rsquo;Aigaliers et cette bibliothèque, située dans le bâtiment de la mairie, est ouverte à tous sans cotisation. La collection inclut environ 3000 ouvrages adultes et enfants. Grâce à l&rsquo;aide de la commune d&rsquo;Aigaliers, nous faisons l&rsquo;acquisition d&rsquo;une cinquantaine de nouveautés et parutions récentes &hellip; <a href="https://www.aphyllanthe.fr/association/bibliotheque/" class="more-link">Continuer la lecture de <span class="screen-reader-text">Bibliothèque</span>  <span class="meta-nav">&rarr;</span></a></p>
