{"id":6719,"date":"2017-12-26T14:52:44","date_gmt":"2017-12-26T13:52:44","guid":{"rendered":"http:\/\/www.aphyllanthe.fr\/association\/?page_id=6719"},"modified":"2022-09-01T14:37:42","modified_gmt":"2022-09-01T13:37:42","slug":"consignes-pour-le-randonneur","status":"publish","type":"page","link":"https:\/\/www.aphyllanthe.fr\/association\/consignes-pour-le-randonneur\/","title":{"rendered":"Consignes pour le randonneur"},"content":{"rendered":"<p><a href=\"https:\/\/www.aphyllanthe.fr\/association\/pdf\/consignes-randonneur.pdf\" target=\"_blank\" rel=\"noopener\"><strong>Version PDF t\u00e9l\u00e9chargeable<\/strong><\/a><\/p>\n<p><strong>R\u00e8glement et code de conduite de la randonn\u00e9e en vigueur \u00e0 l&rsquo;Aphyllanthe \u00e0 partir de septembre 2022.<\/strong><\/p>\n<figure id=\"attachment_6237\" aria-describedby=\"caption-attachment-6237\" style=\"width: 300px\" class=\"wp-caption alignright\"><a href=\"http:\/\/www.aphyllanthe.fr\/association\/wp-content\/uploads\/2017\/09\/DSC08376-labaume.jpg\"><img loading=\"lazy\" decoding=\"async\" class=\"size-medium wp-image-6237\" src=\"http:\/\/www.aphyllanthe.fr\/association\/wp-content\/uploads\/2017\/09\/DSC08376-labaume-300x200.jpg\" alt=\"\u00e0 La Baume\" width=\"300\" height=\"200\" srcset=\"https:\/\/www.aphyllanthe.fr\/association\/wp-content\/uploads\/2017\/09\/DSC08376-labaume-300x200.jpg 300w, https:\/\/www.aphyllanthe.fr\/association\/wp-content\/uploads\/2017\/09\/DSC08376-labaume-768x512.jpg 768w, https:\/\/www.aphyllanthe.fr\/association\/wp-content\/uploads\/2017\/09\/DSC08376-labaume-1024x683.jpg 1024w, https:\/\/www.aphyllanthe.fr\/association\/wp-content\/uploads\/2017\/09\/DSC08376-labaume-600x400.jpg 600w, https:\/\/www.aphyllanthe.fr\/association\/wp-content\/uploads\/2017\/09\/DSC08376-labaume.jpg 1152w\" sizes=\"auto, (max-width: 300px) 100vw, 300px\" \/><\/a><figcaption id=\"caption-attachment-6237\" class=\"wp-caption-text\">\u00e0 La Baume<\/figcaption><\/figure>\n<p><strong>Avant la sortie, le participant\u00a0:<\/strong><\/p>\n<ul>\n<li style=\"list-style-type: none;\">\n<ul>\n<li>s\u2019informe sur les param\u00e8tres de la sortie (distance, d\u00e9nivel\u00e9, m\u00e9t\u00e9o \u00e0 destination, etc.) et s\u2019abstient si le circuit lui para\u00eet trop difficile pour sa condition physique\u00a0;<\/li>\n<li>pr\u00e9voit de l\u2019eau et \u00e0 manger (barre c\u00e9r\u00e9ale, fruit, biscuit ou similaire, etc.) en ad\u00e9quation avec la sortie ;<\/li>\n<li>s\u2019\u00e9quipe correctement avec des chaussures de marche, des v\u00eatements ad\u00e9quats selon la m\u00e9t\u00e9o et la destination et des b\u00e2tons de marche (conseill\u00e9) ;<\/li>\n<li>fournit une d\u00e9charge au moment de s\u2019inscrire.<\/li>\n<\/ul>\n<\/li>\n<\/ul>\n<p><strong>Visiteurs :<\/strong><\/p>\n<ul>\n<li>les visiteurs occasionnels sont les bienvenus. Ils devront signer une d\u00e9charge.<\/li>\n<\/ul>\n<p><strong>Pendant la sortie, le participant :<\/strong><\/p>\n<ul>\n<li>accepte de se plier aux d\u00e9cisions du responsable, condition essentielle pour rester sous la responsabilit\u00e9 de l\u2019Association\u00a0notamment en mati\u00e8re d\u2019assurance ;<\/li>\n<li>s\u2019adapte \u00e0 la cadence donn\u00e9e par le responsable, ou demande \u00e0 ralentir si n\u00e9cessaire ;<\/li>\n<li>marche en file indienne, l&rsquo;un derri\u00e8re l&rsquo;autre, si indiqu\u00e9 par le responsable &#8211; en particulier sur les routes fr\u00e9quent\u00e9es ;<\/li>\n<li>ne part pas devant le responsable ;<\/li>\n<li>informe le responsable\u00a0:\n<ul>\n<li>de la fatigue ou autre d\u00e9faillance d\u2019un participant ;<\/li>\n<li>de l\u2019absence d\u2019un participant ;<\/li>\n<li>de tout ce qui peut affecter le bon d\u00e9roulement de la sortie en cours\u00a0;<\/li>\n<\/ul>\n<\/li>\n<li>ne cueille ni n\u2019endommage les esp\u00e8ces rares et respecte la nature et l\u2019environnement ;<\/li>\n<li>laisse son sac \u00e0 dos en bord de piste et\/ou informe un autre participant en cas d\u2019arr\u00eat \u00abtoilette\u00bb ou pour toute autre raison l\u2019obligeant \u00e0 s\u2019\u00e9loigner du groupe ;<\/li>\n<li>ne fume ni ne vapote durant toute la sortie ;<\/li>\n<li>ne s\u2019improvise pas responsable de randonn\u00e9e pour quelque raison que ce soit\u00a0;<\/li>\n<li>laisse son animal domestique \u00e0 la maison<\/li>\n<li>ramasse ses d\u00e9chets.<\/li>\n<\/ul>\n","protected":false},"excerpt":{"rendered":"<p>Version PDF t\u00e9l\u00e9chargeable R\u00e8glement et code de conduite de la randonn\u00e9e en vigueur \u00e0 l&rsquo;Aphyllanthe \u00e0 partir de septembre 2022. Avant la sortie, le participant\u00a0: s\u2019informe sur les param\u00e8tres de la sortie (distance, d\u00e9nivel\u00e9, m\u00e9t\u00e9o \u00e0 destination, etc.) et s\u2019abstient si le circuit lui para\u00eet trop difficile pour sa condition physique\u00a0; pr\u00e9voit de l\u2019eau et &hellip; <a href=\"https:\/\/www.aphyllanthe.fr\/association\/consignes-pour-le-randonneur\/\" class=\"more-link\">Continuer la lecture de <span class=\"screen-reader-text\">Consignes pour le randonneur<\/span>  <span class=\"meta-nav\">&rarr;<\/span><\/a><\/p>\n","protected":false},"author":1,"featured_media":0,"parent":0,"menu_order":0,"comment_status":"closed","ping_status":"closed","template":"","meta":{"footnotes":""},"class_list":["post-6719","page","type-page","status-publish","hentry"],"_links":{"self":[{"href":"https:\/\/www.aphyllanthe.fr\/association\/wp-json\/wp\/v2\/pages\/6719","targetHints":{"allow":["GET"]}}],"collection":[{"href":"https:\/\/www.aphyllanthe.fr\/association\/wp-json\/wp\/v2\/pages"}],"about":[{"href":"https:\/\/www.aphyllanthe.fr\/association\/wp-json\/wp\/v2\/types\/page"}],"author":[{"embeddable":true,"href":"https:\/\/www.aphyllanthe.fr\/association\/wp-json\/wp\/v2\/users\/1"}],"replies":[{"embeddable":true,"href":"https:\/\/www.aphyllanthe.fr\/association\/wp-json\/wp\/v2\/comments?post=6719"}],"version-history":[{"count":5,"href":"https:\/\/www.aphyllanthe.fr\/association\/wp-json\/wp\/v2\/pages\/6719\/revisions"}],"predecessor-version":[{"id":17170,"href":"https:\/\/www.aphyllanthe.fr\/association\/wp-json\/wp\/v2\/pages\/6719\/revisions\/17170"}],"wp:attachment":[{"href":"https:\/\/www.aphyllanthe.fr\/association\/wp-json\/wp\/v2\/media?parent=6719"}],"curies":[{"name":"wp","href":"https:\/\/api.w.org\/{rel}","templated":true}]}}

<p><a href="https://www.aphyllanthe.fr/association/pdf/consignes-randonneur.pdf" target="_blank" rel="noopener"><strong>Version PDF téléchargeable</strong></a></p>
<p><strong>Règlement et code de conduite de la randonnée en vigueur à l&rsquo;Aphyllanthe à partir de septembre 2022.</strong></p>
<figure id="attachment_6237" aria-describedby="caption-attachment-6237" style="width: 300px" class="wp-caption alignright"><a href="http://www.aphyllanthe.fr/association/wp-content/uploads/2017/09/DSC08376-labaume.jpg"><img loading="lazy" decoding="async" class="size-medium wp-image-6237" src="http://www.aphyllanthe.fr/association/wp-content/uploads/2017/09/DSC08376-labaume-300x200.jpg" alt="à La Baume" width="300" height="200" srcset="https://www.aphyllanthe.fr/association/wp-content/uploads/2017/09/DSC08376-labaume-300x200.jpg 300w, https://www.aphyllanthe.fr/association/wp-content/uploads/2017/09/DSC08376-labaume-768x512.jpg 768w, https://www.aphyllanthe.fr/association/wp-content/uploads/2017/09/DSC08376-labaume-1024x683.jpg 1024w, https://www.aphyllanthe.fr/association/wp-content/uploads/2017/09/DSC08376-labaume-600x400.jpg 600w, https://www.aphyllanthe.fr/association/wp-content/uploads/2017/09/DSC08376-labaume.jpg 1152w" sizes="auto, (max-width: 300px) 100vw, 300px" /></a><figcaption id="caption-attachment-6237" class="wp-caption-text">à La Baume</figcaption></figure>
<p><strong>Avant la sortie, le participant :</strong></p>
<ul>
<li style="list-style-type: none;">
<ul>
<li>s’informe sur les paramètres de la sortie (distance, dénivelé, météo à destination, etc.) et s’abstient si le circuit lui paraît trop difficile pour sa condition physique ;</li>
<li>prévoit de l’eau et à manger (barre céréale, fruit, biscuit ou similaire, etc.) en adéquation avec la sortie ;</li>
<li>s’équipe correctement avec des chaussures de marche, des vêtements adéquats selon la météo et la destination et des bâtons de marche (conseillé) ;</li>
<li>fournit une décharge au moment de s’inscrire.</li>
</ul>
</li>
</ul>
<p><strong>Visiteurs :</strong></p>
<ul>
<li>les visiteurs occasionnels sont les bienvenus. Ils devront signer une décharge.</li>
</ul>
<p><strong>Pendant la sortie, le participant :</strong></p>
<ul>
<li>accepte de se plier aux décisions du responsable, condition essentielle pour rester sous la responsabilité de l’Association notamment en matière d’assurance ;</li>
<li>s’adapte à la cadence donnée par le responsable, ou demande à ralentir si nécessaire ;</li>
<li>marche en file indienne, l&rsquo;un derrière l&rsquo;autre, si indiqué par le responsable &#8211; en particulier sur les routes fréquentées ;</li>
<li>ne part pas devant le responsable ;</li>
<li>informe le responsable :
<ul>
<li>de la fatigue ou autre défaillance d’un participant ;</li>
<li>de l’absence d’un participant ;</li>
<li>de tout ce qui peut affecter le bon déroulement de la sortie en cours ;</li>
</ul>
</li>
<li>ne cueille ni n’endommage les espèces rares et respecte la nature et l’environnement ;</li>
<li>laisse son sac à dos en bord de piste et/ou informe un autre participant en cas d’arrêt «toilette» ou pour toute autre raison l’obligeant à s’éloigner du groupe ;</li>
<li>ne fume ni ne vapote durant toute la sortie ;</li>
<li>ne s’improvise pas responsable de randonnée pour quelque raison que ce soit ;</li>
<li>laisse son animal domestique à la maison</li>
<li>ramasse ses déchets.</li>
</ul>

<p>Version PDF téléchargeable Règlement et code de conduite de la randonnée en vigueur à l&rsquo;Aphyllanthe à partir de septembre 2022. Avant la sortie, le participant : s’informe sur les paramètres de la sortie (distance, dénivelé, météo à destination, etc.) et s’abstient si le circuit lui paraît trop difficile pour sa condition physique ; prévoit de l’eau et &hellip; <a href="https://www.aphyllanthe.fr/association/consignes-pour-le-randonneur/" class="more-link">Continuer la lecture de <span class="screen-reader-text">Consignes pour le randonneur</span>  <span class="meta-nav">&rarr;</span></a></p>
