{"id":7768,"date":"2018-07-05T13:51:25","date_gmt":"2018-07-05T12:51:25","guid":{"rendered":"http:\/\/www.aphyllanthe.fr\/association\/?page_id=7768"},"modified":"2025-08-27T15:58:28","modified_gmt":"2025-08-27T14:58:28","slug":"conditions-adhesions-et-activites","status":"publish","type":"page","link":"https:\/\/www.aphyllanthe.fr\/association\/conditions-adhesions-et-activites\/","title":{"rendered":"Conditions adh\u00e9sions et activit\u00e9s"},"content":{"rendered":"<h5>Pour l&rsquo;ann\u00e9e scolaire 2025-26<\/h5>\n<p><em><strong>Adh\u00e9sion<\/strong><\/em><\/p>\n<ul>\n<li>Co\u00fbt annuel de l&rsquo;adh\u00e9sion (p\u00e9riode du 1er septembre au 31 ao\u00fbt de l\u2019ann\u00e9e suivante) :\n<ul>\n<li>Individuelle : 15 \u20ac<\/li>\n<li>Familiale : 15 \u20ac pour la 1\u00e8re personne, 3 \u20ac pour la 2\u00e8me et 1 \u20ac par personne suppl\u00e9mentaire (enfant uniquement )<\/li>\n<\/ul>\n<\/li>\n<li>Les enfants mentionn\u00e9s sur la fiche d&rsquo;adh\u00e9sion doivent avoir moins de 25 ans et r\u00e9sider \u00e0 la m\u00eame adresse que le titulaire. L&rsquo;Association accepte \u00e9galement l&rsquo;inscription de petits-enfants sur une adh\u00e9sion familiale \u00e0 condition que le nombre total de personnes sur l\u2019adh\u00e9sion (adultes, enfants, petits-enfants inclus) ne d\u00e9passe pas 6.<\/li>\n<li>Les adh\u00e9sions et inscriptions aux activit\u00e9s se font \u00e0 la biblioth\u00e8que d&rsquo;Aigaliers aux <a href=\"http:\/\/www.aphyllanthe.fr\/association\/accueil\/\" target=\"_blank\" rel=\"noopener noreferrer\">heures d&rsquo;ouverture<\/a>.<\/li>\n<\/ul>\n<p><em><strong>Inscription aux activit\u00e9s hebdomadaires<\/strong><\/em><\/p>\n<ul>\n<li>L&rsquo;adh\u00e9sion \u00e0 l&rsquo;Association est obligatoire pour participer aux activit\u00e9s hebdomadaires, sauf pour les activit\u00e9s du programme CLAS.<\/li>\n<li>Une attestation d&rsquo;assurance est obligatoire pour les mineurs.<\/li>\n<li>Une d\u00e9charge de responsabilit\u00e9 et l&rsquo;acceptation du r\u00e8glement int\u00e9rieur est obligatoire pour toutes les activit\u00e9s \u00e0 caract\u00e8re sportif.<\/li>\n<li>Un cours ou une s\u00e9ance d&rsquo;essai sont possibles moyennant la signature d\u2019une <a href=\"https:\/\/www.aphyllanthe.fr\/association\/pdf\/Formulaire-decharge-globale.pdf\" target=\"_blank\" rel=\"noopener noreferrer\">d\u00e9charge de responsabilit\u00e9.<\/a><\/li>\n<li>Les cotisations aux activit\u00e9s hebdomadaires sont payables en une seule fois au d\u00e9but de la saison en esp\u00e8ces, par ch\u00e8que ou par virement. Aucun remboursement, m\u00eame partiel, ne pourra \u00eatre effectu\u00e9 except\u00e9 en cas de force majeure justifi\u00e9e (maladie, d\u00e9c\u00e8s d&rsquo;un proche,&#8230;).<\/li>\n<\/ul>\n<p><em><strong>Inscription aux activit\u00e9s ponctuelles<\/strong><\/em><\/p>\n<ul>\n<li>L&rsquo;adh\u00e9sion n&rsquo;est pas requise mais permet de b\u00e9n\u00e9ficier de tarifs pr\u00e9f\u00e9rentiels le cas \u00e9ch\u00e9ant. Cependant, certaines activit\u00e9s ponctuelles peuvent \u00eatre r\u00e9serv\u00e9es aux seuls adh\u00e9rents.<\/li>\n<li>Les inscriptions ne sont valid\u00e9es qu&rsquo;\u00e0 la r\u00e9ception des paiements y aff\u00e9rents et sont prises en consid\u00e9ration dans l&rsquo;ordre chronologique de r\u00e9ception de ces derniers.<\/li>\n<li>Le d\u00e9tail des conditions (montant, dates butoirs, \u2026) est affich\u00e9 \u00e0 la biblioth\u00e8que et disponible sur le site de l&rsquo;Association ou encore sur demande au secr\u00e9tariat.<\/li>\n<li>En cas de non-participation d&rsquo;un adh\u00e9rent ou non-adh\u00e9rent \u00e0 une activit\u00e9 ponctuelle r\u00e9serv\u00e9e et pay\u00e9e, aucun remboursement ne sera effectu\u00e9 en cas d\u2019absence non justifi\u00e9e.<\/li>\n<\/ul>\n","protected":false},"excerpt":{"rendered":"<p>Pour l&rsquo;ann\u00e9e scolaire 2025-26 Adh\u00e9sion Co\u00fbt annuel de l&rsquo;adh\u00e9sion (p\u00e9riode du 1er septembre au 31 ao\u00fbt de l\u2019ann\u00e9e suivante) : Individuelle : 15 \u20ac Familiale : 15 \u20ac pour la 1\u00e8re personne, 3 \u20ac pour la 2\u00e8me et 1 \u20ac par personne suppl\u00e9mentaire (enfant uniquement ) Les enfants mentionn\u00e9s sur la fiche d&rsquo;adh\u00e9sion doivent avoir &hellip; <a href=\"https:\/\/www.aphyllanthe.fr\/association\/conditions-adhesions-et-activites\/\" class=\"more-link\">Continuer la lecture de <span class=\"screen-reader-text\">Conditions adh\u00e9sions et activit\u00e9s<\/span>  <span class=\"meta-nav\">&rarr;<\/span><\/a><\/p>\n","protected":false},"author":1,"featured_media":0,"parent":0,"menu_order":0,"comment_status":"closed","ping_status":"closed","template":"","meta":{"footnotes":""},"class_list":["post-7768","page","type-page","status-publish","hentry"],"_links":{"self":[{"href":"https:\/\/www.aphyllanthe.fr\/association\/wp-json\/wp\/v2\/pages\/7768","targetHints":{"allow":["GET"]}}],"collection":[{"href":"https:\/\/www.aphyllanthe.fr\/association\/wp-json\/wp\/v2\/pages"}],"about":[{"href":"https:\/\/www.aphyllanthe.fr\/association\/wp-json\/wp\/v2\/types\/page"}],"author":[{"embeddable":true,"href":"https:\/\/www.aphyllanthe.fr\/association\/wp-json\/wp\/v2\/users\/1"}],"replies":[{"embeddable":true,"href":"https:\/\/www.aphyllanthe.fr\/association\/wp-json\/wp\/v2\/comments?post=7768"}],"version-history":[{"count":8,"href":"https:\/\/www.aphyllanthe.fr\/association\/wp-json\/wp\/v2\/pages\/7768\/revisions"}],"predecessor-version":[{"id":25101,"href":"https:\/\/www.aphyllanthe.fr\/association\/wp-json\/wp\/v2\/pages\/7768\/revisions\/25101"}],"wp:attachment":[{"href":"https:\/\/www.aphyllanthe.fr\/association\/wp-json\/wp\/v2\/media?parent=7768"}],"curies":[{"name":"wp","href":"https:\/\/api.w.org\/{rel}","templated":true}]}}